{"id":7,"date":"2023-02-15T13:50:55","date_gmt":"2023-02-15T12:50:55","guid":{"rendered":"https:\/\/www.edisco.it\/a-matter-of-life-4-0\/?page_id=7"},"modified":"2024-10-01T18:14:39","modified_gmt":"2024-10-01T16:14:39","slug":"scheda-dellopera","status":"publish","type":"page","link":"https:\/\/www.edisco.it\/a-matter-of-life-4-0\/","title":{"rendered":"Scheda dell&#8217;opera"},"content":{"rendered":"<p><span style=\"font-family: 'Pridi'; font-size: 17pt; color: #31476c; font-weight: 200;\"><strong><br \/>\nL\u2019argomento.<\/strong><\/span><br \/>\n<span style=\"font-size: 12pt; font-family: OpenSans; font-weight: 400;\"><em>A Matter of Life<\/em> \u00e8 un corso di inglese specialistico per l\u2019indirizzo chimico, microbiologico, biotecnologico e ambientale.<\/span><\/p>\n<p>I contenuti sono ordinati secondo criteri di graduale complessit\u00e0 concettuale e linguistica e vengono esplorati utilizzando le quattro abilit\u00e0 in modo omogeneo e integrato. I brani offrono un assortimento di stili, registri e livelli di difficolt\u00e0.<\/p>\n<p><span style=\"font-family: 'Pridi'; font-size: 17pt; color: #31476c; font-weight: 200;\"><strong>La struttura.<\/strong><\/span><br \/>\n<span style=\"font-size: 12pt; font-family: OpenSans; font-weight: 400;\"><em>A Matter of Life <\/em>\u00e8 diviso in sei Moduli, ognuno dei quali \u00e8 ripartito in tre Unit\u00e0.<\/span><\/p>\n<p>Ogni Unit\u00e0 \u00e8 suddivisa in brevi Capitoli su due pagine \u2013 teoria ed esercizi \u2013 per favorire uno studio pi\u00f9 parcellizzato e la scelta antologica da parte dell\u2019insegnante. Brevi link (curiosit\u00e0, ampliamenti, rimandi, attivit\u00e0 o mini-approfondimenti) arricchiscono i brani per consentire una maggiore interattivit\u00e0 docente\/discente.<\/p>\n<p>Un ricco apparato iconografico correda i brani di lettura, per ognuno dei quali \u00e8 previsto un esauriente <strong>glossario<\/strong>.<\/p>\n<p>Al termine di ogni Unit\u00e0, si trovano due pagine: <strong>Grammar<\/strong> e <strong>Skills<\/strong> dedicate rispettivamente alla revisione di strutture grammaticali e al rinforzo delle quattro abilit\u00e0 linguistiche. Le abilit\u00e0 ricettive sono in genere strutturate secondo le indicazioni delle Prove Nazionali INVALSI.<\/p>\n<p>Alla fine di ogni Modulo, il testo propone ulteriori attivit\u00e0:<\/p>\n<ul>\n<li><strong>Vocabulary<\/strong>: Esercizi di revisione e consolidamento;<\/li>\n<li><strong>Case study<\/strong>: Argomento di attualit\u00e0 corredato di esercizi mirati all\u2019approfondimento e alla discussione;<\/li>\n<li><strong>Flipped Classroom: <\/strong>incoraggia un\u2019autonoma preparazione a casa dello studente tramite l\u2019utilizzo di video clip<\/li>\n<li><strong>Round-Up: <\/strong>contiene esercizi ricapitolativi soprattutto sul lessico<\/li>\n<li><strong>Mapping your mind<\/strong>: Mappa concettuale riepilogativa.<\/li>\n<\/ul>\n<p><span style=\"font-family: 'Pridi'; font-size: 17pt; color: #31476c; font-weight: 200;\"><strong>Contenuti digitali integrativi<\/strong><\/span><\/p>\n<ul>\n<li>Video per attivit\u00e0 di listening e speaking<\/li>\n<li>Film clips<\/li>\n<li>Testi per attivit\u00e0 di approfondimento e di esercitazione<\/li>\n<li>Schede di civilt\u00e0 comparata UK vs US<\/li>\n<li>Tracce audio in formato mp3<\/li>\n<\/ul>\n<p><span style=\"font-family: 'Pridi'; font-size: 17pt; color: #31476c; font-weight: 200;\"><strong>Teacher\u2019s Book<\/strong>, pp. 320. Disponibile sia in formato cartaceo sia digitale:<br \/>\n<\/span><\/p>\n<ul>\n<li>programmazione didattica \/ Piano di lavoro<\/li>\n<li>didattica inclusiva e BES<\/li>\n<li>schemi e mappe che presentano i concetti chiave di ogni argomento<\/li>\n<li><em>Real-Life Tasks<\/em><\/li>\n<li>test di verifica, in formato editabile, di tutte le Unit\u00e0 e i Moduli, anche BES<\/li>\n<li>materiali per la preparazione dell\u2019Esame di Stato<\/li>\n<li>Note didattiche e soluzioni di tutti gli esercizi e dei test<\/li>\n<li><em>audioscript<\/em> delle attivit\u00e0 di ascolto e dei video<\/li>\n<\/ul>\n<div class=\"centra\">\n<p><span style=\"font-family: verdana, geneva, sans-serif; font-size: 12pt;\"><a href=\"https:\/\/www.edisco.it\/wp-content\/uploads\/2023\/03\/A_Matter_of_Life_4th_edition_Relazione_adozione.pdf\" target=\"_blank\" rel=\"noopener noreferrer\"><img src=\"https:\/\/www.edisco.it\/a-caring-society\/wp-content\/uploads\/sites\/86\/2019\/09\/icona-PDF_60.png\" alt=\"\" align=\"absMiddle\" \/><\/a> <a href=\"https:\/\/www.edisco.it\/wp-content\/uploads\/2023\/03\/A_Matter_of_Life_4th_edition_Relazione_adozione.pdf\" target=\"_blank\" rel=\"noopener noreferrer\"><br \/>\nA MATTER OF LIFE 4.0<br \/>\nRelazione per l'adozione.pdf<\/a><\/span><\/p>\n<p><span style=\"font-size: 12pt;\"><span style=\"font-family: verdana, geneva, sans-serif;\"><a href=\"https:\/\/www.edisco.it\/materiali\/proposte-adozione\/2023\/A_Matter_of_Life_4th_edition_Relazione_adozione.rtf\"><img style=\"line-height: 23.1111px;\" src=\"https:\/\/www.edisco.it\/il-colore-delle-parole\/wp-content\/uploads\/sites\/66\/2015\/04\/icona-Word_60.png\" alt=\"\" align=\"absMiddle\" \/><\/a> <a href=\"https:\/\/www.edisco.it\/materiali\/proposte-adozione\/2023\/A_Matter_of_Life_4th_edition_Relazione_adozione.rtf\"><br \/>\nA MATTER OF LIFE 4:0<br \/>\nRelazione per l'adozione.rtf<\/a><\/span><\/span><\/p>\n<\/div>\n","protected":false},"excerpt":{"rendered":"<p>L\u2019argomento. A Matter of Life \u00e8 un corso di inglese specialistico per l\u2019indirizzo chimico, microbiologico, biotecnologico e ambientale. I contenuti sono ordinati secondo criteri di graduale complessit\u00e0 concettuale e linguistica e vengono esplorati utilizzando le quattro abilit\u00e0 in modo omogeneo e integrato. I brani offrono un assortimento di stili, registri e livelli di difficolt\u00e0. La<\/p>\n","protected":false},"author":3,"featured_media":0,"parent":0,"menu_order":0,"comment_status":"closed","ping_status":"closed","template":"page-templates\/scheda_opera.php","meta":[],"acf":[],"_links":{"self":[{"href":"https:\/\/www.edisco.it\/a-matter-of-life-4-0\/wp-json\/wp\/v2\/pages\/7"}],"collection":[{"href":"https:\/\/www.edisco.it\/a-matter-of-life-4-0\/wp-json\/wp\/v2\/pages"}],"about":[{"href":"https:\/\/www.edisco.it\/a-matter-of-life-4-0\/wp-json\/wp\/v2\/types\/page"}],"author":[{"embeddable":true,"href":"https:\/\/www.edisco.it\/a-matter-of-life-4-0\/wp-json\/wp\/v2\/users\/3"}],"replies":[{"embeddable":true,"href":"https:\/\/www.edisco.it\/a-matter-of-life-4-0\/wp-json\/wp\/v2\/comments?post=7"}],"version-history":[{"count":6,"href":"https:\/\/www.edisco.it\/a-matter-of-life-4-0\/wp-json\/wp\/v2\/pages\/7\/revisions"}],"predecessor-version":[{"id":459,"href":"https:\/\/www.edisco.it\/a-matter-of-life-4-0\/wp-json\/wp\/v2\/pages\/7\/revisions\/459"}],"wp:attachment":[{"href":"https:\/\/www.edisco.it\/a-matter-of-life-4-0\/wp-json\/wp\/v2\/media?parent=7"}],"curies":[{"name":"wp","href":"https:\/\/api.w.org\/{rel}","templated":true}]}}