{"id":7,"date":"2015-05-11T16:56:01","date_gmt":"2015-05-11T14:56:01","guid":{"rendered":"https:\/\/www.edisco.it\/e-verano\/?page_id=7"},"modified":"2023-03-03T16:23:27","modified_gmt":"2023-03-03T15:23:27","slug":"scheda-dellopera","status":"publish","type":"page","link":"https:\/\/www.edisco.it\/en-verano\/","title":{"rendered":"Scheda dell&#8217;opera"},"content":{"rendered":"<div id=\"fondopagina\">\n<p>&nbsp;<\/p>\n<p><span style=\"font-size: 11pt; font-family: verdana, geneva, sans-serif;\"><span style=\"color: #000080; font-size: 12pt;\"><strong>Obiettivi e finalit\u00e0<\/strong><\/span>.<br \/> I due volumi di <em><strong>En verano<\/strong><\/em> offrono allo studente la possibilit\u00e0 di ripassare, in completa autonomia e in perfetta sintonia con i programmi svolti durante l\u2019anno scolastico, gli argomenti principali di grammatica, di ampliare il lessico e, in particolare, di ascoltare dialoghi e letture interessanti di brani di civilt\u00e0 per acquisire sicurezza e familiarit\u00e0 con la lingua spagnola. <\/span><\/p>\n<p><span style=\"font-size: 11pt; font-family: verdana, geneva, sans-serif;\">I volumi sono ampiamente illustrati e si presentano con quella \u201cleggerezza\u201d e gradevolezza necessarie perch\u00e9 il ripasso estivo venga attuato con la giusta disposizione e non come imposizione che spesso \u00e8 di poca utilit\u00e0 se non addirittura controproducente.<br \/><\/span><\/p>\n<p><span style=\"font-size: 11pt; font-family: verdana, geneva, sans-serif;\"><span style=\"color: #000080; font-size: 12pt;\"><strong><br \/>Struttura<\/strong><\/span>.<br \/> Ogni volume \u00e8 strutturato in 8 unit\u00e0 e le singole unit\u00e0 comprendono: <em>comunicaci\u00f2n<\/em>, <em>gram\u00e1tica<\/em>, <em>l\u00e9xico<\/em>, <em>civilizaci\u00f3n<\/em>.<br \/> Le pagine di <strong>grammatica <\/strong>recuperano quei concetti che l\u2019esperienza nell\u2019insegnamento ha dimostrato essere di maggiore difficolt\u00e0 nell\u2019apprendimento.<br \/> Le pagine di <strong>lessico <\/strong>sono varie, spesso con aspetto \u201cgiocoso\u201d e recuperano quei termini di base per la comunicazione quotidiana e per affrontare situazioni ricorrenti.<br \/> Ampio spazio viene data alla <strong>comunicazione <\/strong>in cui sono protagonisti Pietro e John che trascorrono le vacanze studio in Spagna e, in compagnia di altri amici, vengono a trovarsi in situazioni diverse e hanno la possibilit\u00e0 di visitare le localit\u00e0 turistiche di maggiore rilievo.<\/span><\/p>\n<p><span style=\"font-size: 11pt; font-family: verdana, geneva, sans-serif;\"><span style=\"color: #000080; font-size: 12pt;\"><strong><br \/>Gli esercizi<\/strong><\/span>.<br \/> Gli esercizi proposti sono sempre molto vari e di immediata comprensione, grazie alla consegna mirata e lineare. Laddove si pensa che possano insorgere difficolt\u00e0, si \u00e8 sempre data una soluzione esemplificativa in modo da eliminare qualsiasi possibile dubbio.<\/span><\/p>\n<p><span style=\"font-size: 11pt; font-family: verdana, geneva, sans-serif;\"><span style=\"color: #000080; font-size: 12pt;\"><strong><br \/>L\u2019ascolto<\/strong><\/span>.<br \/> Tutte le parti di comunicazione e di civilt\u00e0 devono essere ascoltate e l\u2019opzione audio \u00e8 di fondamentale importanza per apprendere la lingua dal vivo, in modo attivo e dinamico tramite il confronto diretto con la lingua parlata. <\/span><\/p>\n<p><span style=\"font-size: 11pt; font-family: verdana, geneva, sans-serif;\">Nelle Risorse digitali online si trovano, <strong>liberamente accessibili<\/strong>, le TRACCE AUDIO dei due volumi.<br \/><\/span><\/p>\n<p><span style=\"font-size: 11pt; font-family: verdana, geneva, sans-serif;\">Ai Docenti viene messo a disposizione un fascicolo con le <strong>soluzioni di tutti gli esercizi<\/strong>.<\/span><\/p>\n<p>&nbsp;<\/p>\n<p><span style=\"font-family: verdana, geneva, sans-serif; font-size: 11pt;\"><img style=\"width: 232px; height: 319px; border-width: 1px; border-style: solid; margin-left: 133px; margin-right: 5px;\" src=\"https:\/\/www.edisco.it\/e-verano\/wp-content\/uploads\/sites\/87\/2015\/05\/En-verano_pagina-1.jpg\" alt=\"\" \/><img style=\"width: 232px; height: 319px; border-width: 1px; border-style: solid; margin-left: 5px; margin-right: 5px;\" src=\"https:\/\/www.edisco.it\/e-verano\/wp-content\/uploads\/sites\/87\/2015\/05\/En-verano_pagina-2.jpg\" alt=\"\" \/><\/span><\/p>\n<p>&nbsp;<\/p>\n<p>&nbsp;<\/p>\n<\/div>\n","protected":false},"excerpt":{"rendered":"<p>&nbsp; Obiettivi e finalit\u00e0. I due volumi di En verano offrono allo studente la possibilit\u00e0 di ripassare, in completa autonomia e in perfetta sintonia con i programmi svolti durante l\u2019anno scolastico, gli argomenti principali di grammatica, di ampliare il lessico e, in particolare, di ascoltare dialoghi e letture interessanti di brani di civilt\u00e0 per acquisire<\/p>\n","protected":false},"author":3,"featured_media":0,"parent":0,"menu_order":1,"comment_status":"closed","ping_status":"closed","template":"page-templates\/scheda_opera.php","meta":[],"acf":[],"_links":{"self":[{"href":"https:\/\/www.edisco.it\/en-verano\/wp-json\/wp\/v2\/pages\/7"}],"collection":[{"href":"https:\/\/www.edisco.it\/en-verano\/wp-json\/wp\/v2\/pages"}],"about":[{"href":"https:\/\/www.edisco.it\/en-verano\/wp-json\/wp\/v2\/types\/page"}],"author":[{"embeddable":true,"href":"https:\/\/www.edisco.it\/en-verano\/wp-json\/wp\/v2\/users\/3"}],"replies":[{"embeddable":true,"href":"https:\/\/www.edisco.it\/en-verano\/wp-json\/wp\/v2\/comments?post=7"}],"version-history":[{"count":16,"href":"https:\/\/www.edisco.it\/en-verano\/wp-json\/wp\/v2\/pages\/7\/revisions"}],"predecessor-version":[{"id":102,"href":"https:\/\/www.edisco.it\/en-verano\/wp-json\/wp\/v2\/pages\/7\/revisions\/102"}],"wp:attachment":[{"href":"https:\/\/www.edisco.it\/en-verano\/wp-json\/wp\/v2\/media?parent=7"}],"curies":[{"name":"wp","href":"https:\/\/api.w.org\/{rel}","templated":true}]}}