{"id":102,"date":"2015-01-28T14:58:02","date_gmt":"2015-01-28T13:58:02","guid":{"rendered":"https:\/\/www.edisco.it\/i-coriandoli\/?page_id=102"},"modified":"2023-03-03T14:33:20","modified_gmt":"2023-03-03T13:33:20","slug":"voglio-essere-joel","status":"publish","type":"page","link":"https:\/\/www.edisco.it\/i-coriandoli\/configurazione\/voglio-essere-joel\/","title":{"rendered":"Voglio essere Joel"},"content":{"rendered":"<div><strong><span style=\"color: #4786b5;\"><span style=\"font-family: verdana,geneva,sans-serif;\"><br \/><span style=\"font-size: 12pt;\">Consigliato per le classi II-III<\/span><\/span><\/span><\/strong><\/div>\n<div>\n<p>&nbsp;<\/p>\n<\/div>\n<div><span style=\"color: #000000; font-family: verdana, geneva, sans-serif; font-size: 11pt;\"><span style=\"color: #000;\"><span style=\"font-size: 12pt;\"><span style=\"color: #000080;\"><strong>La trama<\/strong><\/span>.<\/span> Joel, quindici anni, \u00e8 insoddisfatto della vita che conduce: non gli piace la scuola che frequenta, i suoi amici si stanno allontanando da lui, non riesce a conquistare la ragazza di cui \u00e8 innamorato\u2026 solo una cosa lo rende veramente felice: la sua passione per la danza.<br \/> La sua vita subir\u00e0 un cambiamento decisivo quando la sua amica Cecilia lo coinvolge nella partecipazione a un talent show. Sfida dopo sfida, Joel scoprir\u00e0 in s\u00e9 una volont\u00e0 e una passione totalmente nuove che renderanno il suo destino diverso. La vicenda di Joel si interseca con quelle delle persone che lo circondano: di Isabella, la ragazza di cui innamorato e che considera irraggiungibile, degli amici Karim e Fabrizio, che sembrano avviati su una \u201ccattiva strada\u201d, di Cecilia, a cui Joel vuole bene ma che considera sciocca e superficiale. La storia di Joel che, tra le molteplici esperienze della vita, matura e diventa un uomo, \u00e8 anche una romantica storia d\u2019amore che sfida differenze sociali e supera problemi e pregiudizi.<\/span><\/span><\/p>\n<p>&nbsp;<\/p>\n<p><span style=\"font-family: verdana, geneva, sans-serif; font-size: 11pt;\"><span style=\"font-size: 12pt;\"><span style=\"color: #000080;\"><strong>Gli spunti didattici<\/strong><\/span>.<\/span> Il romanzo \u00e8 ricco di colpi di scena e offre spunti di riflessione su molteplici tematiche: l\u2019amore, l\u2019amicizia, la ricerca della propria identit\u00e0, il successo personale e l\u2019autoaffermazione, in un mondo in cui troppo spesso si \u00e8 giudicati per ci\u00f2 che appare e non per quello che realmente si \u00e8.<\/span><br \/><span style=\"font-family: verdana, geneva, sans-serif; font-size: 11pt;\"> La rappresentazione attenta del mondo giovanile attuale, con le problematiche che lo contraddistinguono, fa s\u00ec che sia facile e immediata la immedesimazione dei giovani lettori nelle vicende che i protagonisti vivono e, in questo modo, sia altrettanto spontanea la ricezione di quei messaggi che il romanzo vuole trasmettere.<\/span><br \/><span style=\"font-family: verdana, geneva, sans-serif; font-size: 11pt;\"> Anche le illustrazioni mirano a rendere gradevole e immediata la fruizione del testo.<\/span><\/p>\n<p>&nbsp;<\/p>\n<p><span style=\"font-family: verdana, geneva, sans-serif; font-size: 11pt;\"><span style=\"font-size: 12pt;\"><span style=\"color: #000080;\"><strong>Gli apparati didattici<\/strong><\/span>.<\/span> Il romanzo \u00e8 corredato di apparati didattici che hanno l\u2019intento di verificare la comprensione testuale e, unitamente, di far riflettere il lettore sia sull\u2019aspetto linguistico e stilistico sia sui contenuti e sui messaggi. Vari e diversificati sono gli spunti per la composizione scritta e per la discussione in classe.<\/span><\/p>\n<\/div>\n<p>&nbsp;<\/p>\n<p><a href=\"https:\/\/www.edisco.it\/i-coriandoli\/wp-content\/uploads\/sites\/77\/2016\/06\/voglio-essere-joel_preview.pdf\" target=\"_blank\" rel=\"noopener noreferrer\"><img src=\"https:\/\/www.edisco.it\/a-caring-society\/wp-content\/uploads\/sites\/86\/2019\/09\/icona-PDF_60.png\" alt=\"\" align=\"absMiddle\" \/>\u00a0<\/a> <span style=\"font-family: verdana,geneva,sans-serif;\"><span style=\"font-size: 12pt;\"> <a href=\"https:\/\/www.edisco.it\/i-coriandoli\/wp-content\/uploads\/sites\/77\/2016\/06\/voglio-essere-joel_preview.pdf\" target=\"_blank\" rel=\"noopener noreferrer\">Voglio essere Joel_Anteprima.pdf<\/a>\u00a0<\/span><\/span><\/p>\n<iframe src=\"\/\/docs.google.com\/viewer?url=https%3A%2F%2Fwww.edisco.it%2Fi-coriandoli%2Fwp-content%2Fuploads%2Fsites%2F77%2F2016%2F06%2Fvoglio-essere-joel_preview.pdf&hl=it&embedded=true\" class=\"gde-frame\" style=\"width:100%; height:1100px; border: none;\" scrolling=\"no\"><\/iframe>\n<p class=\"gde-text\"><a href=\"https:\/\/www.edisco.it\/i-coriandoli\/wp-content\/uploads\/sites\/77\/2016\/06\/voglio-essere-joel_preview.pdf\" class=\"gde-link\">Download (PDF, 202KB)<\/a><\/p>\n<div>\u00a0<\/div>\n<div>\u00a0<\/div>\n<div>\u00a0<\/div>\n","protected":false},"excerpt":{"rendered":"<p>Consigliato per le classi II-III &nbsp; La trama. Joel, quindici anni, \u00e8 insoddisfatto della vita che conduce: non gli piace la scuola che frequenta, i suoi amici si stanno allontanando da lui, non riesce a conquistare la ragazza di cui \u00e8 innamorato\u2026 solo una cosa lo rende veramente felice: la sua passione per la danza.<\/p>\n","protected":false},"author":3,"featured_media":0,"parent":28,"menu_order":33,"comment_status":"closed","ping_status":"closed","template":"page-templates\/dettaglio_volume.php","meta":[],"acf":[],"_links":{"self":[{"href":"https:\/\/www.edisco.it\/i-coriandoli\/wp-json\/wp\/v2\/pages\/102"}],"collection":[{"href":"https:\/\/www.edisco.it\/i-coriandoli\/wp-json\/wp\/v2\/pages"}],"about":[{"href":"https:\/\/www.edisco.it\/i-coriandoli\/wp-json\/wp\/v2\/types\/page"}],"author":[{"embeddable":true,"href":"https:\/\/www.edisco.it\/i-coriandoli\/wp-json\/wp\/v2\/users\/3"}],"replies":[{"embeddable":true,"href":"https:\/\/www.edisco.it\/i-coriandoli\/wp-json\/wp\/v2\/comments?post=102"}],"version-history":[{"count":7,"href":"https:\/\/www.edisco.it\/i-coriandoli\/wp-json\/wp\/v2\/pages\/102\/revisions"}],"predecessor-version":[{"id":703,"href":"https:\/\/www.edisco.it\/i-coriandoli\/wp-json\/wp\/v2\/pages\/102\/revisions\/703"}],"up":[{"embeddable":true,"href":"https:\/\/www.edisco.it\/i-coriandoli\/wp-json\/wp\/v2\/pages\/28"}],"wp:attachment":[{"href":"https:\/\/www.edisco.it\/i-coriandoli\/wp-json\/wp\/v2\/media?parent=102"}],"curies":[{"name":"wp","href":"https:\/\/api.w.org\/{rel}","templated":true}]}}