{"id":110,"date":"2015-01-28T14:59:32","date_gmt":"2015-01-28T13:59:32","guid":{"rendered":"https:\/\/www.edisco.it\/i-coriandoli\/?page_id=110"},"modified":"2023-03-03T14:34:10","modified_gmt":"2023-03-03T13:34:10","slug":"il-grande-gioco","status":"publish","type":"page","link":"https:\/\/www.edisco.it\/i-coriandoli\/configurazione\/il-grande-gioco\/","title":{"rendered":"Il grande gioco"},"content":{"rendered":"<div><span style=\"font-size: 8pt;\"><strong><span style=\"color: #4786b5;\"><span style=\"font-family: verdana,geneva,sans-serif;\"><br \/><\/span><\/span><\/strong><span style=\"font-size: 12pt;\"><strong><span style=\"color: #4786b5;\"><span style=\"font-family: verdana,geneva,sans-serif;\">A\u00a0cura di Daniela Bisagno<\/span><\/span><\/strong><\/span><\/span><\/div>\n<div><span style=\"font-size: 8pt;\"><span style=\"font-size: 12pt;\"><strong><span style=\"color: #4786b5;\"><span style=\"font-family: verdana,geneva,sans-serif;\"><br \/>Consigliato per le classi I-II<\/span><\/span><\/strong><\/span><\/span><\/p>\n<p>&nbsp;<\/p>\n<\/div>\n<div><span style=\"color: #000000; font-family: verdana, geneva, sans-serif; font-size: 11pt;\"><span style=\"color: #000;\"><span style=\"font-size: 12pt;\"><span style=\"color: #000080;\"><strong>La trama<\/strong><\/span>.<\/span> Un\u2019originale e fantastica avventura attende quattro ragazzi dell\u2019istituto Dondoloni: il terzo fine settimana di ogni mese si fa un grande gioco nel retrobottega di un negozio di modellismo in un casermone di periferia. Su un enorme plastico, che rappresenta il paesaggio dall\u2019Antartide all\u2019Equatore, viaggia un trenino alimentato a carbone che i ragazzi devono rifornire perch\u00e9 non si fermi. Il gioco \u00e8 condizionato dalle vite che si svolgono negli appartamenti del casermone; il loro viaggio diventa cos\u00ec un\u2019occasione di crescita perch\u00e9 essi hanno modo di esplorare la complessa realt\u00e0 che li circonda. Dopo questa esperienza, la vita dei ragazzi sar\u00e0 diversa all\u2019interno delle mura del collegio: nasce una nuova solidariet\u00e0 pi\u00f9 forte e addirittura il mondo dei sentimenti risulta rinvigorito; il grande gioco sar\u00e0 per loro un momento decisivo verso il traguardo della maturit\u00e0.<\/span><\/span><\/p>\n<p>&nbsp;<\/p>\n<p><span style=\"font-family: verdana, geneva, sans-serif; font-size: 11pt;\"><span style=\"font-size: 12pt;\"><span style=\"color: #000080;\"><strong>Finalit\u00e0 didattiche<\/strong><\/span>.<\/span> Il romanzo \u00e8 divertente, scritto con estremo garbo pensando ai giovani lettori, proiettato nel mondo della fantasia e dell\u2019immaginazione; l\u2019evasione nella fantasia \u00e8 da sempre uno dei temi preferiti dai ragazzi che, durante la narrazione, hanno modo di identificarsi nei protagonisti che sono loro coetanei e vengono rappresentati in maniera aderente alla realt\u00e0. La vicenda raccontata \u00e8, nello stesso tempo, ricca di suggestioni e di spunti di riflessione cos\u00ec che il testo pu\u00f2 essere collocato nel genere del \u00abromanzo di formazione\u00bb: un genere fortunato che, per la sua valenza educativa, ha incontrato molto successo nel pubblico dei ragazzi che hanno modo di divertirsi vedendo rappresentato il loro mondo e di imparare.<\/span><\/p>\n<\/div>\n<p>&nbsp;<\/p>\n<p><a href=\"https:\/\/www.edisco.it\/i-coriandoli\/wp-content\/uploads\/sites\/77\/2016\/06\/il-grande-gioco_preview.pdf\" target=\"_blank\" rel=\"noopener noreferrer\"><img src=\"https:\/\/www.edisco.it\/a-caring-society\/wp-content\/uploads\/sites\/86\/2019\/09\/icona-PDF_60.png\" alt=\"\" align=\"absMiddle\" \/>\u00a0<\/a> <span style=\"font-family: verdana,geneva,sans-serif;\"><span style=\"font-size: 12pt;\"> <a href=\"https:\/\/www.edisco.it\/i-coriandoli\/wp-content\/uploads\/sites\/77\/2016\/06\/il-grande-gioco_preview.pdf\" target=\"_blank\" rel=\"noopener noreferrer\">Il grande gioco_Anteprima.pdf<\/a>\u00a0<\/span><\/span><\/p>\n<iframe src=\"\/\/docs.google.com\/viewer?url=https%3A%2F%2Fwww.edisco.it%2Fi-coriandoli%2Fwp-content%2Fuploads%2Fsites%2F77%2F2016%2F06%2Fil-grande-gioco_preview.pdf&hl=it&embedded=true\" class=\"gde-frame\" style=\"width:100%; height:1100px; border: none;\" scrolling=\"no\"><\/iframe>\n<p class=\"gde-text\"><a href=\"https:\/\/www.edisco.it\/i-coriandoli\/wp-content\/uploads\/sites\/77\/2016\/06\/il-grande-gioco_preview.pdf\" class=\"gde-link\">Download (PDF, 175KB)<\/a><\/p>\n<div>\u00a0<\/div>\n<div>\u00a0<\/div>\n<div>\u00a0<\/div>\n","protected":false},"excerpt":{"rendered":"<p>A\u00a0cura di Daniela Bisagno Consigliato per le classi I-II &nbsp; La trama. Un\u2019originale e fantastica avventura attende quattro ragazzi dell\u2019istituto Dondoloni: il terzo fine settimana di ogni mese si fa un grande gioco nel retrobottega di un negozio di modellismo in un casermone di periferia. Su un enorme plastico, che rappresenta il paesaggio dall\u2019Antartide all\u2019Equatore,<\/p>\n","protected":false},"author":3,"featured_media":0,"parent":28,"menu_order":37,"comment_status":"closed","ping_status":"closed","template":"page-templates\/dettaglio_volume.php","meta":[],"acf":[],"_links":{"self":[{"href":"https:\/\/www.edisco.it\/i-coriandoli\/wp-json\/wp\/v2\/pages\/110"}],"collection":[{"href":"https:\/\/www.edisco.it\/i-coriandoli\/wp-json\/wp\/v2\/pages"}],"about":[{"href":"https:\/\/www.edisco.it\/i-coriandoli\/wp-json\/wp\/v2\/types\/page"}],"author":[{"embeddable":true,"href":"https:\/\/www.edisco.it\/i-coriandoli\/wp-json\/wp\/v2\/users\/3"}],"replies":[{"embeddable":true,"href":"https:\/\/www.edisco.it\/i-coriandoli\/wp-json\/wp\/v2\/comments?post=110"}],"version-history":[{"count":7,"href":"https:\/\/www.edisco.it\/i-coriandoli\/wp-json\/wp\/v2\/pages\/110\/revisions"}],"predecessor-version":[{"id":707,"href":"https:\/\/www.edisco.it\/i-coriandoli\/wp-json\/wp\/v2\/pages\/110\/revisions\/707"}],"up":[{"embeddable":true,"href":"https:\/\/www.edisco.it\/i-coriandoli\/wp-json\/wp\/v2\/pages\/28"}],"wp:attachment":[{"href":"https:\/\/www.edisco.it\/i-coriandoli\/wp-json\/wp\/v2\/media?parent=110"}],"curies":[{"name":"wp","href":"https:\/\/api.w.org\/{rel}","templated":true}]}}