{"id":116,"date":"2015-01-28T15:00:40","date_gmt":"2015-01-28T14:00:40","guid":{"rendered":"https:\/\/www.edisco.it\/i-coriandoli\/?page_id=116"},"modified":"2023-03-03T14:34:34","modified_gmt":"2023-03-03T13:34:34","slug":"pianeta-serra","status":"publish","type":"page","link":"https:\/\/www.edisco.it\/i-coriandoli\/configurazione\/pianeta-serra\/","title":{"rendered":"Pianeta serra"},"content":{"rendered":"<div><span style=\"font-size: 8pt;\"><strong><span style=\"color: #4786b5;\"><span style=\"font-family: verdana,geneva,sans-serif;\"><br \/><\/span><\/span><\/strong><span style=\"font-size: 12pt;\"><strong><span style=\"color: #4786b5;\"><span style=\"font-family: verdana,geneva,sans-serif;\">Consigliato per le classi II-III<\/span><\/span><\/strong><\/span><\/span><\/div>\n<div>\n<p>&nbsp;<\/p>\n<\/div>\n<div><span style=\"color: #000000; font-family: verdana, geneva, sans-serif; font-size: 11pt;\"><span style=\"color: #000;\"><span style=\"font-size: 12pt;\"><span style=\"color: #000080;\"><strong>La trama<\/strong><\/span>.<\/span> Che cosa succede se un ragazzino s\u2019imbatte, mentre svolge una tranquilla ricerca scolastica, in un sito Web in cui trova qualcosa di \u201cstrano\u201d? E decide di andare sino un fondo nelle sue indagini? Le vicende di Lorenzo, con le sue amicizie, il suo incontro con Valentina, la sua vita familiare, i suoi piccoli problemi scolastici, s\u2019intrecciano con avvenimenti pi\u00f9 grandi. In un parco naturale nel Kenya la siccit\u00e0 spinge elefanti e giraffe verso nord, negli oceani le balene si spostano in massa, inspiegabilmente, i lupi lasciano la tundra, i pinguini non trovano i ghiacci dove nidificare, nelle citt\u00e0 le mimose fioriscono troppo presto e gli uccelli non se sono andati per svernare nelle regioni pi\u00f9 calde.<br \/> Realt\u00e0 e fantasia si mescolano: \u00e8 questo forse il modo pi\u00f9 efficace per comprendere meglio i cambiamenti che stiamo vivendo e le prospettive che ci attendono.<\/span><\/span><\/p>\n<p>&nbsp;<\/p>\n<p><span style=\"font-family: verdana, geneva, sans-serif; font-size: 11pt;\"><span style=\"font-size: 12pt;\"><span style=\"color: #000080;\"><strong>Integrazioni e sussidi<\/strong><\/span>.<\/span> Il romanzo \u00e8 corredato da alcune schede finali che aiutano ad approfondire il problema dei cambiamenti climatici.<\/span><br \/><span style=\"font-family: verdana, geneva, sans-serif; font-size: 11pt;\"> Una scheda ampia e dettagliata \u00e8 dedicata al film La marcia dei pinguini, di Luc Jacquet, la cui tematica \u00e8 per molti versi parallela a quella affrontata nel romanzo.<\/span><br \/><span style=\"font-family: verdana, geneva, sans-serif; font-size: 11pt;\"> L\u2019ampio inserto a colori vuole essere un ulteriore corredo \u201cvisivo\u201d delle problematiche sollevate nel romanzo.<\/span><\/p>\n<\/div>\n<p>&nbsp;<\/p>\n<p><a href=\"https:\/\/www.edisco.it\/i-coriandoli\/wp-content\/uploads\/sites\/77\/2016\/06\/pianeta-serra_preview.pdf\" target=\"_blank\" rel=\"noopener noreferrer\"><img src=\"https:\/\/www.edisco.it\/a-caring-society\/wp-content\/uploads\/sites\/86\/2019\/09\/icona-PDF_60.png\" alt=\"\" align=\"absMiddle\" \/>\u00a0<\/a> <span style=\"font-family: verdana,geneva,sans-serif;\"><span style=\"font-size: 12pt;\"> <a href=\"https:\/\/www.edisco.it\/i-coriandoli\/wp-content\/uploads\/sites\/77\/2016\/06\/pianeta-serra_preview.pdf\" target=\"_blank\" rel=\"noopener noreferrer\">Pianeta serra_Anteprima.pdf<\/a>\u00a0<\/span><\/span><\/p>\n<iframe src=\"\/\/docs.google.com\/viewer?url=https%3A%2F%2Fwww.edisco.it%2Fi-coriandoli%2Fwp-content%2Fuploads%2Fsites%2F77%2F2016%2F06%2Fpianeta-serra_preview.pdf&hl=it&embedded=true\" class=\"gde-frame\" style=\"width:100%; height:1100px; border: none;\" scrolling=\"no\"><\/iframe>\n<p class=\"gde-text\"><a href=\"https:\/\/www.edisco.it\/i-coriandoli\/wp-content\/uploads\/sites\/77\/2016\/06\/pianeta-serra_preview.pdf\" class=\"gde-link\">Download (PDF, 175KB)<\/a><\/p>\n<div>\u00a0<\/div>\n<div>\u00a0<\/div>\n<div>\u00a0<\/div>\n","protected":false},"excerpt":{"rendered":"<p>Consigliato per le classi II-III &nbsp; La trama. Che cosa succede se un ragazzino s\u2019imbatte, mentre svolge una tranquilla ricerca scolastica, in un sito Web in cui trova qualcosa di \u201cstrano\u201d? E decide di andare sino un fondo nelle sue indagini? Le vicende di Lorenzo, con le sue amicizie, il suo incontro con Valentina, la<\/p>\n","protected":false},"author":3,"featured_media":0,"parent":28,"menu_order":40,"comment_status":"closed","ping_status":"closed","template":"page-templates\/dettaglio_volume.php","meta":[],"acf":[],"_links":{"self":[{"href":"https:\/\/www.edisco.it\/i-coriandoli\/wp-json\/wp\/v2\/pages\/116"}],"collection":[{"href":"https:\/\/www.edisco.it\/i-coriandoli\/wp-json\/wp\/v2\/pages"}],"about":[{"href":"https:\/\/www.edisco.it\/i-coriandoli\/wp-json\/wp\/v2\/types\/page"}],"author":[{"embeddable":true,"href":"https:\/\/www.edisco.it\/i-coriandoli\/wp-json\/wp\/v2\/users\/3"}],"replies":[{"embeddable":true,"href":"https:\/\/www.edisco.it\/i-coriandoli\/wp-json\/wp\/v2\/comments?post=116"}],"version-history":[{"count":7,"href":"https:\/\/www.edisco.it\/i-coriandoli\/wp-json\/wp\/v2\/pages\/116\/revisions"}],"predecessor-version":[{"id":710,"href":"https:\/\/www.edisco.it\/i-coriandoli\/wp-json\/wp\/v2\/pages\/116\/revisions\/710"}],"up":[{"embeddable":true,"href":"https:\/\/www.edisco.it\/i-coriandoli\/wp-json\/wp\/v2\/pages\/28"}],"wp:attachment":[{"href":"https:\/\/www.edisco.it\/i-coriandoli\/wp-json\/wp\/v2\/media?parent=116"}],"curies":[{"name":"wp","href":"https:\/\/api.w.org\/{rel}","templated":true}]}}