{"id":118,"date":"2015-01-28T15:00:59","date_gmt":"2015-01-28T14:00:59","guid":{"rendered":"https:\/\/www.edisco.it\/i-coriandoli\/?page_id=118"},"modified":"2023-03-03T14:34:46","modified_gmt":"2023-03-03T13:34:46","slug":"sette-bocche-chiuse","status":"publish","type":"page","link":"https:\/\/www.edisco.it\/i-coriandoli\/configurazione\/sette-bocche-chiuse\/","title":{"rendered":"Sette bocche chiuse"},"content":{"rendered":"<div><span style=\"font-size: 8pt;\"><strong><span style=\"color: #4786b5;\"><span style=\"font-family: verdana,geneva,sans-serif;\"><br \/><\/span><\/span><\/strong><span style=\"font-size: 12pt;\"><strong><span style=\"color: #4786b5;\"><span style=\"font-family: verdana,geneva,sans-serif;\">Consigliato per le classi II-III<\/span><\/span><\/strong><\/span><\/span><\/p>\n<\/div>\n<div>\n<p>&nbsp;<\/p>\n<\/div>\n<div><span style=\"color: #000000; font-family: verdana, geneva, sans-serif; font-size: 11pt;\"><span style=\"color: #000;\"><span style=\"font-size: 12pt;\"><span style=\"color: #000080;\"><strong>La trama<\/strong><\/span>.<\/span> La difesa dell\u2019ambiente \u00e8 un dovere oltre che un diritto, ma pu\u00f2 diventare anche un piacere, se \u00e8 affidata alla capacit\u00e0 di osservazione di un ragazzo in gamba. Sette bocche chiuse \u00e8 un vero \u00abgiallo\u00bb, con tanto di malfattori, di inchieste condotte da un solerte brigadiere dei Carabinieri e di un gruppo di ragazzi impegnati in un\u2019avventura emozionante. La vicenda ruota intorno ai misteriosi autocarri che visitano di notte una discarica di rifiuti ormai in disuso, mentre la minaccia va estendendosi al territorio circostante: quello fragile e insolito delle risaie.<\/span><\/span><\/p>\n<p>&nbsp;<\/p>\n<p><span style=\"font-family: verdana, geneva, sans-serif; font-size: 11pt;\"><span style=\"font-size: 12pt;\"><span style=\"color: #000080;\"><strong>I protagonisti<\/strong><\/span>.<\/span> Il tutto \u00e8 visto attraverso gli occhi dei ragazzi, perch\u00e9 sono quelli pi\u00f9 sensibili al problema dell\u2019ecologia forse perch\u00e9 sentono il futuro del mondo come il loro stesso avvenire. L\u2019esperienza che essi hanno modo di vivere come protagonisti determinanti offre la possibilit\u00e0 di crescere e di maturare, in primo luogo comprendendo la gravit\u00e0 e la complessit\u00e0 dei problemi che riguardano l\u2019ambiente a volte seriamente compromesso da bassi e vili interessi.<\/span><br \/><span style=\"font-family: verdana, geneva, sans-serif; font-size: 11pt;\"> Nel romanzo sono i ragazzi a diventare protagonisti di un angolo di mondo dove, per una volta, il male batte in ritirata, sconfitto dal bene.<\/span><\/p>\n<p>&nbsp;<\/p>\n<p><span style=\"font-family: verdana, geneva, sans-serif; font-size: 11pt;\"><span style=\"font-size: 12pt;\"><span style=\"color: #000080;\"><strong>Un utile dossier<\/strong><\/span>.<\/span> Il libro \u00e8 corredato da un dossier formato da schede che affrontano, in maniera semplice e orientativa, alcuni problemi legati allo smaltimento dei rifiuti, alla raccolta differenziata e alle possibilit\u00e0 di riciclo dei rifiuti; l\u2019intento \u00e8 quello di favorire una precisa conoscenza, la sola che possa far crescere la coscienza e la sensibilit\u00e0 verso il problema dell\u2019ecologia.<\/span><\/p>\n<\/div>\n<p>&nbsp;<\/p>\n<p><a href=\"https:\/\/www.edisco.it\/i-coriandoli\/wp-content\/uploads\/sites\/77\/2016\/06\/sette-bocche-chiuse_preview.pdf\" target=\"_blank\" rel=\"noopener noreferrer\"><img src=\"https:\/\/www.edisco.it\/a-caring-society\/wp-content\/uploads\/sites\/86\/2019\/09\/icona-PDF_60.png\" alt=\"\" align=\"absMiddle\" \/>\u00a0<\/a> <span style=\"font-family: verdana,geneva,sans-serif;\"><span style=\"font-size: 12pt;\"> <a href=\"https:\/\/www.edisco.it\/i-coriandoli\/wp-content\/uploads\/sites\/77\/2016\/06\/sette-bocche-chiuse_preview.pdf\" target=\"_blank\" rel=\"noopener noreferrer\">Sette bocche chiuse_Anteprima.pdf<\/a>\u00a0<\/span><\/span><\/p>\n<iframe src=\"\/\/docs.google.com\/viewer?url=https%3A%2F%2Fwww.edisco.it%2Fi-coriandoli%2Fwp-content%2Fuploads%2Fsites%2F77%2F2016%2F06%2Fsette-bocche-chiuse_preview.pdf&hl=it&embedded=true\" class=\"gde-frame\" style=\"width:100%; height:1100px; border: none;\" scrolling=\"no\"><\/iframe>\n<p class=\"gde-text\"><a href=\"https:\/\/www.edisco.it\/i-coriandoli\/wp-content\/uploads\/sites\/77\/2016\/06\/sette-bocche-chiuse_preview.pdf\" class=\"gde-link\">Download (PDF, 176KB)<\/a><\/p>\n<div>\u00a0<\/div>\n<div>\u00a0<\/div>\n<div>\u00a0<\/div>\n","protected":false},"excerpt":{"rendered":"<p>Consigliato per le classi II-III &nbsp; La trama. La difesa dell\u2019ambiente \u00e8 un dovere oltre che un diritto, ma pu\u00f2 diventare anche un piacere, se \u00e8 affidata alla capacit\u00e0 di osservazione di un ragazzo in gamba. Sette bocche chiuse \u00e8 un vero \u00abgiallo\u00bb, con tanto di malfattori, di inchieste condotte da un solerte brigadiere dei<\/p>\n","protected":false},"author":3,"featured_media":0,"parent":28,"menu_order":41,"comment_status":"closed","ping_status":"closed","template":"page-templates\/dettaglio_volume.php","meta":[],"acf":[],"_links":{"self":[{"href":"https:\/\/www.edisco.it\/i-coriandoli\/wp-json\/wp\/v2\/pages\/118"}],"collection":[{"href":"https:\/\/www.edisco.it\/i-coriandoli\/wp-json\/wp\/v2\/pages"}],"about":[{"href":"https:\/\/www.edisco.it\/i-coriandoli\/wp-json\/wp\/v2\/types\/page"}],"author":[{"embeddable":true,"href":"https:\/\/www.edisco.it\/i-coriandoli\/wp-json\/wp\/v2\/users\/3"}],"replies":[{"embeddable":true,"href":"https:\/\/www.edisco.it\/i-coriandoli\/wp-json\/wp\/v2\/comments?post=118"}],"version-history":[{"count":7,"href":"https:\/\/www.edisco.it\/i-coriandoli\/wp-json\/wp\/v2\/pages\/118\/revisions"}],"predecessor-version":[{"id":711,"href":"https:\/\/www.edisco.it\/i-coriandoli\/wp-json\/wp\/v2\/pages\/118\/revisions\/711"}],"up":[{"embeddable":true,"href":"https:\/\/www.edisco.it\/i-coriandoli\/wp-json\/wp\/v2\/pages\/28"}],"wp:attachment":[{"href":"https:\/\/www.edisco.it\/i-coriandoli\/wp-json\/wp\/v2\/media?parent=118"}],"curies":[{"name":"wp","href":"https:\/\/api.w.org\/{rel}","templated":true}]}}