{"id":48,"date":"2015-01-28T14:45:27","date_gmt":"2015-01-28T13:45:27","guid":{"rendered":"https:\/\/www.edisco.it\/i-coriandoli\/?page_id=48"},"modified":"2023-03-03T14:29:33","modified_gmt":"2023-03-03T13:29:33","slug":"ridendo-simpara","status":"publish","type":"page","link":"https:\/\/www.edisco.it\/i-coriandoli\/configurazione\/ridendo-simpara\/","title":{"rendered":"Ridendo s&#8217;impara"},"content":{"rendered":"<div><strong><span style=\"color: #4786b5;\"><span style=\"font-family: verdana,geneva,sans-serif;\"><br \/><span style=\"font-size: 12pt;\">Consigliato per le classi I-II-III<\/span><\/span><\/span><\/strong><\/div>\n<div>\n<p>&nbsp;<\/p>\n<\/div>\n<div><span style=\"font-size: 11pt; font-family: verdana, geneva, sans-serif;\"><span style=\"font-size: 12pt;\"><span style=\"color: #000080;\"><strong>L\u2019argomento<\/strong><\/span>.<\/span> I racconti di questa antologia hanno prima di tutto l\u2019obiettivo di rendere la lettura un momento piacevole e distensivo: presentano, infatti, situazioni spassose o personaggi comici che suscitano il riso.<br \/> Un altro importante obiettivo del libro \u00e8 quello di offrire spunti per la riflessione, perch\u00e9 anche ridendo si pu\u00f2 imparare, in primo luogo che l\u2019ottimismo \u00e8 una risorsa inestimabile in grado di migliorare il mondo.<\/span><\/p>\n<p>&nbsp;<\/p>\n<p><span style=\"font-family: verdana, geneva, sans-serif; font-size: 11pt;\"><span style=\"font-size: 12pt;\"><span style=\"color: #000080;\"><strong>La struttura<\/strong><\/span>.<\/span> Il volume \u00e8 articolato in cinque percorsi che passano in rassegna alle diverse tipologie di umorismo. Il primo percorso, intitolato Personaggi buffi, \u00e8 costituito da una serie di racconti in cui l\u2019umorismo tende a ridicolizzare alcuni tipi umani per scoprirne difetti o manie. Nelle letture del secondo percorso (Situazioni umoristiche) il fatto umoristico o comico nasce da una situazione in cui a generare il riso \u00e8 per lo pi\u00f9 la sorpresa finale, un equivoco o una beffa. Nel terzo percorso (Parole da ridere) sono raccolte storie in cui il riso \u00e8 provocato da un motto spiritoso, da una pronta battuta, che sdrammatizzano o risolvono situazioni intricate. Altre forme di umorismo, come l\u2019ironia, la satira, lo humour nero, l\u2019assurdo, la parodia sono presentate attraverso i racconti del quarto percorso (Non c\u2019\u00e8 solo da ridere); il quinto (Che ridere, ragazzi) propone storie dedicate al mondo chiassoso, ingenuo e a volte trasgressivo dei ragazzi.<\/span><br \/><span style=\"font-family: verdana, geneva, sans-serif; font-size: 11pt;\"> Gli autori sono dei classici del genere, sia italiani, sia stranieri: si passa da Cechov, Gogol e Jerome a Rodari e Calvino per arrivare a scrittori contemporanei come Dario Fo, Covatta e Villaggio.<\/span><\/p>\n<\/div>\n<p>&nbsp;<\/p>\n<p><a href=\"https:\/\/www.edisco.it\/i-coriandoli\/wp-content\/uploads\/sites\/77\/2016\/06\/ridendo-si-impara_preview.pdf\" target=\"_blank\" rel=\"noopener noreferrer\"><img src=\"https:\/\/www.edisco.it\/a-caring-society\/wp-content\/uploads\/sites\/86\/2019\/09\/icona-PDF_60.png\" alt=\"\" align=\"absMiddle\" \/>\u00a0<\/a> <span style=\"font-family: verdana,geneva,sans-serif;\"><span style=\"font-size: 12pt;\"> <a href=\"https:\/\/www.edisco.it\/i-coriandoli\/wp-content\/uploads\/sites\/77\/2016\/06\/ridendo-si-impara_preview.pdf\" target=\"_blank\" rel=\"noopener noreferrer\">Ridendo s'impara_Anteprima.pdf<\/a>\u00a0<\/span><\/span><\/p>\n<iframe src=\"\/\/docs.google.com\/viewer?url=https%3A%2F%2Fwww.edisco.it%2Fi-coriandoli%2Fwp-content%2Fuploads%2Fsites%2F77%2F2016%2F06%2Fridendo-si-impara_preview.pdf&hl=it&embedded=true\" class=\"gde-frame\" style=\"width:100%; height:1100px; border: none;\" scrolling=\"no\"><\/iframe>\n<p class=\"gde-text\"><a href=\"https:\/\/www.edisco.it\/i-coriandoli\/wp-content\/uploads\/sites\/77\/2016\/06\/ridendo-si-impara_preview.pdf\" class=\"gde-link\">Download (PDF, 155KB)<\/a><\/p>\n<div>\u00a0<\/div>\n<div>\u00a0<\/div>\n<div>\u00a0<\/div>\n","protected":false},"excerpt":{"rendered":"<p>Consigliato per le classi I-II-III &nbsp; L\u2019argomento. I racconti di questa antologia hanno prima di tutto l\u2019obiettivo di rendere la lettura un momento piacevole e distensivo: presentano, infatti, situazioni spassose o personaggi comici che suscitano il riso. Un altro importante obiettivo del libro \u00e8 quello di offrire spunti per la riflessione, perch\u00e9 anche ridendo si<\/p>\n","protected":false},"author":3,"featured_media":0,"parent":28,"menu_order":7,"comment_status":"closed","ping_status":"closed","template":"page-templates\/dettaglio_volume.php","meta":[],"acf":[],"_links":{"self":[{"href":"https:\/\/www.edisco.it\/i-coriandoli\/wp-json\/wp\/v2\/pages\/48"}],"collection":[{"href":"https:\/\/www.edisco.it\/i-coriandoli\/wp-json\/wp\/v2\/pages"}],"about":[{"href":"https:\/\/www.edisco.it\/i-coriandoli\/wp-json\/wp\/v2\/types\/page"}],"author":[{"embeddable":true,"href":"https:\/\/www.edisco.it\/i-coriandoli\/wp-json\/wp\/v2\/users\/3"}],"replies":[{"embeddable":true,"href":"https:\/\/www.edisco.it\/i-coriandoli\/wp-json\/wp\/v2\/comments?post=48"}],"version-history":[{"count":8,"href":"https:\/\/www.edisco.it\/i-coriandoli\/wp-json\/wp\/v2\/pages\/48\/revisions"}],"predecessor-version":[{"id":676,"href":"https:\/\/www.edisco.it\/i-coriandoli\/wp-json\/wp\/v2\/pages\/48\/revisions\/676"}],"up":[{"embeddable":true,"href":"https:\/\/www.edisco.it\/i-coriandoli\/wp-json\/wp\/v2\/pages\/28"}],"wp:attachment":[{"href":"https:\/\/www.edisco.it\/i-coriandoli\/wp-json\/wp\/v2\/media?parent=48"}],"curies":[{"name":"wp","href":"https:\/\/api.w.org\/{rel}","templated":true}]}}