{"id":62,"date":"2015-01-28T14:49:41","date_gmt":"2015-01-28T13:49:41","guid":{"rendered":"https:\/\/www.edisco.it\/i-coriandoli\/?page_id=62"},"modified":"2023-03-03T14:30:48","modified_gmt":"2023-03-03T13:30:48","slug":"beffe-avventure-e-sentimenti","status":"publish","type":"page","link":"https:\/\/www.edisco.it\/i-coriandoli\/configurazione\/beffe-avventure-e-sentimenti\/","title":{"rendered":"Beffe, avventure e sentimenti"},"content":{"rendered":"<div>\n<div>\u00a0<\/div>\n<div><span style=\"font-size: 12pt;\"><strong><span style=\"color: #4786b5;\"><span style=\"font-family: verdana,geneva,sans-serif;\">Consigliato per le classi I-II<\/span><\/span><\/strong><\/span><\/div>\n<\/div>\n<div>\n<p>&nbsp;<\/p>\n<\/div>\n<div><span style=\"font-size: 11pt; font-family: verdana, geneva, sans-serif;\"><span style=\"font-size: 12pt;\"><span style=\"color: #000080;\"><strong>L\u2019argomento e gli autori<\/strong><\/span>.<\/span> Le novelle di questa raccolta sono state scritte da diversi autori vissuti tra il Trecento e il Cinquecento, nei secoli di grande splendore per la nostra letteratura e la nostra civilt\u00e0.<br \/> Ripresentati in una lingua moderna e accattivante, sono stati scelti i testi classici di questo importante genere della novellistica, e gli autori pi\u00f9 noti, a partire da Boccaccio per arrivare a Machiavelli.<br \/> Le novelle fanno rivivere quei secoli d\u2019oro e aprono scenari interessanti sulla realt\u00e0 di quel tempo, sulla mentalit\u00e0, abitudini, credenze. Compare un mondo a volte crudele e spietato, dove l\u2019ingenuo o lo sprovveduto regolarmente vengono beffati e gabbati, dove la violenza e la sopraffazione sembrano appartenere all\u2019ordine stesso delle cose, dove i potenti hanno licenza di negare i diritti pi\u00f9 elementari; un mondo per\u00f2 in cui l\u2019amore viene vissuto come qualcosa di assoluto, in cui si crede in valori come la lealt\u00e0 e la generosit\u00e0, in cui gli uomini sanno ridere, soprattutto di se stessi.<\/span><\/p>\n<p>&nbsp;<\/p>\n<p><span style=\"font-family: verdana, geneva, sans-serif; font-size: 11pt;\"><span style=\"font-size: 12pt;\"><span style=\"color: #000080;\"><strong>La struttura<\/strong><\/span>.<\/span> La raccolta \u00e8 divisa in cinque percorsi: La beffa, L\u2019inganno e l\u2019astuzia, L\u2019avventura, L\u2019amore, La lealt\u00e0 e la giustizia.<\/span><br \/><span style=\"font-family: verdana, geneva, sans-serif; font-size: 11pt;\"> Ogni percorso \u00e8 costituito da varie novelle legate dal tema comune ed \u00e8 introdotto da una presentazione. Gli autori scelti sono i pi\u00f9 rappresentativi dell\u2019epoca; il posto d\u2019onore spetta naturalmente a Boccaccio, vista l\u2019importanza e la popolarit\u00e0 delle sue novelle.<\/span><\/p>\n<\/div>\n<p>&nbsp;<\/p>\n<p><a href=\"https:\/\/www.edisco.it\/i-coriandoli\/wp-content\/uploads\/sites\/77\/2016\/06\/beffe-avventure-e-sentimenti_preview.pdf\" target=\"_blank\" rel=\"noopener noreferrer\"><img src=\"https:\/\/www.edisco.it\/a-caring-society\/wp-content\/uploads\/sites\/86\/2019\/09\/icona-PDF_60.png\" alt=\"\" align=\"absMiddle\" \/>\u00a0<\/a> <span style=\"font-family: verdana,geneva,sans-serif;\"><span style=\"font-size: 12pt;\"> <a href=\"https:\/\/www.edisco.it\/i-coriandoli\/wp-content\/uploads\/sites\/77\/2016\/06\/beffe-avventure-e-sentimenti_preview.pdf\" target=\"_blank\" rel=\"noopener noreferrer\">Beffe avventure e sentimenti_Anteprima.pdf<\/a>\u00a0<\/span><\/span><\/p>\n<iframe src=\"\/\/docs.google.com\/viewer?url=https%3A%2F%2Fwww.edisco.it%2Fi-coriandoli%2Fwp-content%2Fuploads%2Fsites%2F77%2F2016%2F06%2Fbeffe-avventure-e-sentimenti_preview.pdf&hl=it&embedded=true\" class=\"gde-frame\" style=\"width:100%; height:1100px; border: none;\" scrolling=\"no\"><\/iframe>\n<p class=\"gde-text\"><a href=\"https:\/\/www.edisco.it\/i-coriandoli\/wp-content\/uploads\/sites\/77\/2016\/06\/beffe-avventure-e-sentimenti_preview.pdf\" class=\"gde-link\">Download (PDF, 179KB)<\/a><\/p>\n<div>\u00a0<\/div>\n<div>\u00a0<\/div>\n<div>\u00a0<\/div>\n","protected":false},"excerpt":{"rendered":"<p>\u00a0 Consigliato per le classi I-II &nbsp; L\u2019argomento e gli autori. Le novelle di questa raccolta sono state scritte da diversi autori vissuti tra il Trecento e il Cinquecento, nei secoli di grande splendore per la nostra letteratura e la nostra civilt\u00e0. Ripresentati in una lingua moderna e accattivante, sono stati scelti i testi classici<\/p>\n","protected":false},"author":3,"featured_media":0,"parent":28,"menu_order":14,"comment_status":"closed","ping_status":"closed","template":"page-templates\/dettaglio_volume.php","meta":[],"acf":[],"_links":{"self":[{"href":"https:\/\/www.edisco.it\/i-coriandoli\/wp-json\/wp\/v2\/pages\/62"}],"collection":[{"href":"https:\/\/www.edisco.it\/i-coriandoli\/wp-json\/wp\/v2\/pages"}],"about":[{"href":"https:\/\/www.edisco.it\/i-coriandoli\/wp-json\/wp\/v2\/types\/page"}],"author":[{"embeddable":true,"href":"https:\/\/www.edisco.it\/i-coriandoli\/wp-json\/wp\/v2\/users\/3"}],"replies":[{"embeddable":true,"href":"https:\/\/www.edisco.it\/i-coriandoli\/wp-json\/wp\/v2\/comments?post=62"}],"version-history":[{"count":7,"href":"https:\/\/www.edisco.it\/i-coriandoli\/wp-json\/wp\/v2\/pages\/62\/revisions"}],"predecessor-version":[{"id":683,"href":"https:\/\/www.edisco.it\/i-coriandoli\/wp-json\/wp\/v2\/pages\/62\/revisions\/683"}],"up":[{"embeddable":true,"href":"https:\/\/www.edisco.it\/i-coriandoli\/wp-json\/wp\/v2\/pages\/28"}],"wp:attachment":[{"href":"https:\/\/www.edisco.it\/i-coriandoli\/wp-json\/wp\/v2\/media?parent=62"}],"curies":[{"name":"wp","href":"https:\/\/api.w.org\/{rel}","templated":true}]}}