{"id":82,"date":"2015-01-28T14:54:05","date_gmt":"2015-01-28T13:54:05","guid":{"rendered":"https:\/\/www.edisco.it\/i-coriandoli\/?page_id=82"},"modified":"2025-10-29T14:41:08","modified_gmt":"2025-10-29T13:41:08","slug":"ivanhoe","status":"publish","type":"page","link":"https:\/\/www.edisco.it\/i-coriandoli\/configurazione\/ivanhoe\/","title":{"rendered":"Ivanhoe"},"content":{"rendered":"<div><strong><span style=\"color: #4786b5;\"><span style=\"font-family: verdana,geneva,sans-serif;\"><br \/>\n<span style=\"font-size: 12pt;\">Traduzione di Mauro Tassara - Riduzione e adattamento di Daniela Bisagno\u00a0<\/span><\/span><\/span><\/strong><\/div>\n<div><span style=\"font-size: 12pt;\"><strong><span style=\"color: #4786b5;\"><span style=\"font-family: verdana,geneva,sans-serif;\"><br \/>\nConsigliato per le classi I-II<\/span><\/span><\/strong><\/span><\/p>\n<\/div>\n<div><span style=\"color: #000000; font-family: verdana, geneva, sans-serif; font-size: 11pt;\"><span style=\"color: #000;\"><span style=\"font-size: 12pt;\"><span style=\"color: #000080;\"><strong>Un classico della letteratura<\/strong><\/span>.<\/span> L\u2019Ivanhoe di Walter Scott \u00e8 un romanzo, e insieme molto di pi\u00f9. \u00c8 un\u2019opera che ha dato inizio a un nuovo genere narrativo; che ha condizionato i gusti non solo letterari di un secolo intero. Ma \u00e8 soprattutto una vasta composizione polifonica in cui trovano spazio tante voci diverse: da quelle altisonanti dei superbi normanni, e dei loro antagonisti sassoni, a quelle, pi\u00f9 sommesse e patetiche, di un\u2019eroina come l\u2019ebrea Rebecca, a quelle infine decisamente comiche e umoristiche, di personaggi quali Wamba, Athelstane, frate Tuck. Un vasto campionario di umanit\u00e0 che si muove sullo sfondo di un\u2019Inghilterra medievale dilaniata dai contrasti politico-sociali e dall\u2019assenza del suo sovrano legittimo, ma anche ricca di cuori intrepidi che lottano eroicamente per il suo riscatto: dal giovane Ivanhoe, agli arcieri di Robin Hood, fuorilegge dall\u2019animo nobile e generoso.<\/span><\/span><\/p>\n<p><span style=\"font-family: verdana, geneva, sans-serif; font-size: 11pt;\"><span style=\"font-size: 12pt;\"><span style=\"color: #000080;\"><strong>Temi e personaggi<\/strong><\/span>.<\/span> Amore, eroismo, avventura sono i temi fondamentali di questo grandioso romanzo, il cui vasto scenario storico \u00e8 ricostruito in tutti suoi aspetti e in tutte le sue molteplici contraddizioni. E se l\u2019autore vibra di simpatia per le figure delle vittime, come l\u2019ebrea Rebecca e il suo popolo di perseguitati, \u00e8 pur vero che egli, nella sua calda umanit\u00e0, non manca di mettere a fuoco il dramma interiore di personaggi negativi, come il templare Bois-Guilbert, e di farci provare un briciolo di simpatia per loro. Anche per questo, oltre che per il fascino sempre vivo dei suoi temi, l\u2019Ivanhoe di Scott si impone come un testo di grande portata educativa per il pubblico dei lettori pi\u00f9 giovani, il cui messaggio finale \u2013 il superamento dei contrasti fra le due etnie dei sassoni e dei normanni \u2013 contiene un invito alla tolleranza e all\u2019integrazione di grande attualit\u00e0, soprattutto ai giorni nostri.<\/span><\/p>\n<p><span style=\"font-family: verdana, geneva, sans-serif; font-size: 11pt;\"><span style=\"font-size: 12pt;\"><span style=\"color: #000080;\"><strong>Finalit\u00e0 didattiche<\/strong><\/span>.<\/span> La lettura della riduzione e dell\u2019adattamento mirato ai ragazzi del capolavoro di Walter Scott \u00e8, prima di tutto, una piacevole sorpresa per la trama sempre ricca di suspense in grado di catturare l\u2019attenzione, grazie anche alla magistrale traduzione. La sapiente combinazione di fantasia e di ricostruzione storica permette di entrare in un\u2019epoca lontana qual \u00e8 quella del Medio Evo e di capirne i caratteri e le peculiarit\u00e0.<\/span><\/p>\n<\/div>\n<p><a href=\"https:\/\/www.edisco.it\/i-coriandoli\/wp-content\/uploads\/sites\/77\/2016\/06\/ivanhoe_preview.pdf\" target=\"_blank\" rel=\"noopener noreferrer\"><img src=\"https:\/\/www.edisco.it\/a-caring-society\/wp-content\/uploads\/sites\/86\/2019\/09\/icona-PDF_60.png\" alt=\"\" align=\"absMiddle\" \/>\u00a0<\/a> <span style=\"font-family: verdana,geneva,sans-serif;\"><span style=\"font-size: 12pt;\"> <a href=\"https:\/\/www.edisco.it\/i-coriandoli\/wp-content\/uploads\/sites\/77\/2016\/06\/ivanhoe_preview.pdf\" target=\"_blank\" rel=\"noopener noreferrer\">Ivanhoe_Anteprima.pdf<\/a>\u00a0<\/span><\/span><\/p>\n<iframe src=\"\/\/docs.google.com\/viewer?url=https%3A%2F%2Fwww.edisco.it%2Fi-coriandoli%2Fwp-content%2Fuploads%2Fsites%2F77%2F2016%2F06%2Fivanhoe_preview.pdf&hl=it&embedded=true\" class=\"gde-frame\" style=\"width:100%; height:1100px; border: none;\" scrolling=\"no\"><\/iframe>\n<p class=\"gde-text\"><a href=\"https:\/\/www.edisco.it\/i-coriandoli\/wp-content\/uploads\/sites\/77\/2016\/06\/ivanhoe_preview.pdf\" class=\"gde-link\">Download (PDF, 342KB)<\/a><\/p>\n<div><\/div>\n<div><\/div>\n<div><\/div>\n","protected":false},"excerpt":{"rendered":"<p>Traduzione di Mauro Tassara &#8211; Riduzione e adattamento di Daniela Bisagno\u00a0 Consigliato per le classi I-II Un classico della letteratura. L\u2019Ivanhoe di Walter Scott \u00e8 un romanzo, e insieme molto di pi\u00f9. \u00c8 un\u2019opera che ha dato inizio a un nuovo genere narrativo; che ha condizionato i gusti non solo letterari di un secolo intero.<\/p>\n","protected":false},"author":3,"featured_media":0,"parent":28,"menu_order":24,"comment_status":"closed","ping_status":"closed","template":"page-templates\/dettaglio_volume.php","meta":[],"acf":[],"_links":{"self":[{"href":"https:\/\/www.edisco.it\/i-coriandoli\/wp-json\/wp\/v2\/pages\/82"}],"collection":[{"href":"https:\/\/www.edisco.it\/i-coriandoli\/wp-json\/wp\/v2\/pages"}],"about":[{"href":"https:\/\/www.edisco.it\/i-coriandoli\/wp-json\/wp\/v2\/types\/page"}],"author":[{"embeddable":true,"href":"https:\/\/www.edisco.it\/i-coriandoli\/wp-json\/wp\/v2\/users\/3"}],"replies":[{"embeddable":true,"href":"https:\/\/www.edisco.it\/i-coriandoli\/wp-json\/wp\/v2\/comments?post=82"}],"version-history":[{"count":7,"href":"https:\/\/www.edisco.it\/i-coriandoli\/wp-json\/wp\/v2\/pages\/82\/revisions"}],"predecessor-version":[{"id":836,"href":"https:\/\/www.edisco.it\/i-coriandoli\/wp-json\/wp\/v2\/pages\/82\/revisions\/836"}],"up":[{"embeddable":true,"href":"https:\/\/www.edisco.it\/i-coriandoli\/wp-json\/wp\/v2\/pages\/28"}],"wp:attachment":[{"href":"https:\/\/www.edisco.it\/i-coriandoli\/wp-json\/wp\/v2\/media?parent=82"}],"curies":[{"name":"wp","href":"https:\/\/api.w.org\/{rel}","templated":true}]}}