{"id":98,"date":"2015-01-28T14:57:17","date_gmt":"2015-01-28T13:57:17","guid":{"rendered":"https:\/\/www.edisco.it\/i-coriandoli\/?page_id=98"},"modified":"2023-03-03T14:32:56","modified_gmt":"2023-03-03T13:32:56","slug":"le-indagini-di-sherlock-holmes","status":"publish","type":"page","link":"https:\/\/www.edisco.it\/i-coriandoli\/configurazione\/le-indagini-di-sherlock-holmes\/","title":{"rendered":"Le indagini di Sherlock Holmes"},"content":{"rendered":"<div><span style=\"font-size: 8pt;\"><strong><span style=\"color: #4786b5;\"><span style=\"font-family: verdana,geneva,sans-serif;\"><br \/><span style=\"font-size: 12pt;\">Traduzione di Mauro Tassara - riduzione e adattamento a cura di Daniela Bisagno<\/span><\/span><\/span><\/strong><\/span><\/div>\n<div><span style=\"font-size: 12pt;\"><strong><span style=\"color: #4786b5;\"><span style=\"font-family: verdana,geneva,sans-serif;\"><br \/>Consigliato per le classi II-III<\/span><\/span><\/strong><\/span><\/p>\n<p>&nbsp;<\/p>\n<\/div>\n<div><span style=\"color: #000000; font-family: verdana, geneva, sans-serif; font-size: 11pt;\"><span style=\"color: #000;\"><span style=\"font-size: 12pt;\"><span style=\"color: #000080;\"><strong>I contenuti e la struttura<\/strong><\/span>.<\/span> Dire che Sherlock Holmes \u00e8 un personaggio letterario \u00e8 esatto e, nello stesso tempo, riduttivo. Sar\u00e0 perch\u00e9 il suo Autore, Conan Doyle, lo ha creato ispirandosi a una persona reale, da lui conosciuta e ammirata, il professor Joseph Bell, fautore del metodo deduttivo nella cura dei pazienti. Sar\u00e0 per la straordinaria energia e concretezza, con la quale questo detective, un po\u2019 bizzarro, da vero eroe di un altro tempo, combatte tenacemente contro tutte le umane incarnazioni del Male, usando come unica arma l\u2019intelligenza e la forza della ragione. Fatto sta che nessuno dei numerosi detective della letteratura giallistica ispirati direttamente a Sherlock Holmes, da Hercule Poirot di Agatha Christie a Nero Wolfe di Rex Stout, solo per citare i pi\u00f9 famosi, ha goduto della notoriet\u00e0 e dell\u2019ammirazione entusiastica di cui \u00e8 circondato, da pi\u00f9 di un secolo, questo personaggio.<br \/> Ma Sherlock Holmes non \u00e8 solo questo: \u00e8 anche amore per l\u2019avventura, fascino del mistero, desiderio di scoprire, come un moderno esploratore, non \u201cun\u2019altra realt\u00e0\u201d, ma i risvolti imprevedibili (talvolta orridi) di quella in cui viviamo ogni giorno.<br \/> I sei racconti antologizzati in questo libro, alcuni ricchi di spunti comici e brillanti, come Il rubino azzurro e La Lega dei Capelli Rossi, altri pi\u00f9 incentrati sul tema dell\u2019avventura e dell\u2019orrore, come Il piede del diavolo o La fascia maculata, presentano ai ragazzi, in una veste linguistica semplicissima e nello stesso tempo avvincente, tutte queste tematiche, offrendo anche un viatico ideale a coloro che vogliano inoltrarsi nel mondo misterioso e affascinante del detective inglese, reso immortale da Conan Doyle.<\/span><\/span><\/p>\n<p>&nbsp;<\/p>\n<p><span style=\"font-family: verdana, geneva, sans-serif; font-size: 11pt;\"><span style=\"font-size: 12pt;\"><span style=\"color: #000080;\"><strong>Spunti per la didattica<\/strong><\/span>.<\/span> Riproporre una scelta dei suoi racconti al pubblico scolastico, a ottant\u2019anni suonati dalla morte del suo Autore, oltre a offrire una piacevole occasione di lettura e un\u2019esplorazione del genere letterario del racconto \u201cgiallo\u201d, \u00e8 anche un modo per rendere un omaggio ai valori guida di questa figura, alla sua passione quasi illuministica per la ragione, all\u2019alto senso civico della giustizia e della Legge, mai disgiunto dal dovere morale di garantire i diritti dei pi\u00f9 deboli: valori che l\u2019insegnamento non pu\u00f2 mettere mai in secondo ordine di importanza.<\/span><\/p>\n<\/div>\n<p>&nbsp;<\/p>\n<p><a href=\"https:\/\/www.edisco.it\/i-coriandoli\/wp-content\/uploads\/sites\/77\/2016\/06\/le-indagini-di-sherlock-holmes_preview.pdf\" target=\"_blank\" rel=\"noopener noreferrer\"><img src=\"https:\/\/www.edisco.it\/a-caring-society\/wp-content\/uploads\/sites\/86\/2019\/09\/icona-PDF_60.png\" alt=\"\" align=\"absMiddle\" \/>\u00a0<\/a> <span style=\"font-family: verdana,geneva,sans-serif;\"><span style=\"font-size: 12pt;\"> <a href=\"https:\/\/www.edisco.it\/i-coriandoli\/wp-content\/uploads\/sites\/77\/2016\/06\/le-indagini-di-sherlock-holmes_preview.pdf\" target=\"_blank\" rel=\"noopener noreferrer\">Le indagini di Sherlock Holmes_Anteprima.pdf<\/a>\u00a0<\/span><\/span><\/p>\n<iframe src=\"\/\/docs.google.com\/viewer?url=https%3A%2F%2Fwww.edisco.it%2Fi-coriandoli%2Fwp-content%2Fuploads%2Fsites%2F77%2F2016%2F06%2Fle-indagini-di-sherlock-holmes_preview.pdf&hl=it&embedded=true\" class=\"gde-frame\" style=\"width:100%; height:1100px; border: none;\" scrolling=\"no\"><\/iframe>\n<p class=\"gde-text\"><a href=\"https:\/\/www.edisco.it\/i-coriandoli\/wp-content\/uploads\/sites\/77\/2016\/06\/le-indagini-di-sherlock-holmes_preview.pdf\" class=\"gde-link\">Download (PDF, 203KB)<\/a><\/p>\n<div>\u00a0<\/div>\n<div>\u00a0<\/div>\n<div>\u00a0<\/div>\n","protected":false},"excerpt":{"rendered":"<p>Traduzione di Mauro Tassara &#8211; riduzione e adattamento a cura di Daniela Bisagno Consigliato per le classi II-III &nbsp; I contenuti e la struttura. Dire che Sherlock Holmes \u00e8 un personaggio letterario \u00e8 esatto e, nello stesso tempo, riduttivo. Sar\u00e0 perch\u00e9 il suo Autore, Conan Doyle, lo ha creato ispirandosi a una persona reale, da<\/p>\n","protected":false},"author":3,"featured_media":0,"parent":28,"menu_order":31,"comment_status":"closed","ping_status":"closed","template":"page-templates\/dettaglio_volume.php","meta":[],"acf":[],"_links":{"self":[{"href":"https:\/\/www.edisco.it\/i-coriandoli\/wp-json\/wp\/v2\/pages\/98"}],"collection":[{"href":"https:\/\/www.edisco.it\/i-coriandoli\/wp-json\/wp\/v2\/pages"}],"about":[{"href":"https:\/\/www.edisco.it\/i-coriandoli\/wp-json\/wp\/v2\/types\/page"}],"author":[{"embeddable":true,"href":"https:\/\/www.edisco.it\/i-coriandoli\/wp-json\/wp\/v2\/users\/3"}],"replies":[{"embeddable":true,"href":"https:\/\/www.edisco.it\/i-coriandoli\/wp-json\/wp\/v2\/comments?post=98"}],"version-history":[{"count":7,"href":"https:\/\/www.edisco.it\/i-coriandoli\/wp-json\/wp\/v2\/pages\/98\/revisions"}],"predecessor-version":[{"id":701,"href":"https:\/\/www.edisco.it\/i-coriandoli\/wp-json\/wp\/v2\/pages\/98\/revisions\/701"}],"up":[{"embeddable":true,"href":"https:\/\/www.edisco.it\/i-coriandoli\/wp-json\/wp\/v2\/pages\/28"}],"wp:attachment":[{"href":"https:\/\/www.edisco.it\/i-coriandoli\/wp-json\/wp\/v2\/media?parent=98"}],"curies":[{"name":"wp","href":"https:\/\/api.w.org\/{rel}","templated":true}]}}