{"id":31,"date":"2015-02-02T21:26:37","date_gmt":"2015-02-02T20:26:37","guid":{"rendered":"https:\/\/www.edisco.it\/i-liocorni\/?page_id=31"},"modified":"2023-03-16T13:13:11","modified_gmt":"2023-03-16T12:13:11","slug":"i-colori-dellamore","status":"publish","type":"page","link":"https:\/\/www.edisco.it\/i-liocorni\/configurazione\/i-colori-dellamore\/","title":{"rendered":"I colori dell&#8217;amore"},"content":{"rendered":"<div>\u00a0<\/div>\n<div>\u00a0<\/div>\n<div><span style=\"color: #000000; font-family: verdana, geneva, sans-serif; font-size: 11pt;\"><span style=\"color: #000;\"><span style=\"color: #000080;\"><strong>L\u2019argomento<\/strong><\/span>. Pu\u00f2 apparire un compito improbo indagare la natura sfuggente e per molti aspetti misteriosa dell\u2019amore, viste le tante formule con cui in ogni tempo gli uomini hanno cercato di descriverne l\u2019essenza profonda, ogni volta sottolineandone caratteristiche diverse e non di rado reciprocamente incompatibili, arrivando spesso alla conclusione che l\u2019amore sembra essere tutto e il contrario di tutto: dolore e gioia, sofferenza e piacere, materialismo e spiritualit\u00e0, dolcezza e violenza, realizzazione di se stessi e volont\u00e0 di annullamento, esaltazione della vita e desiderio di morte. Possiamo facilmente trovare conferma della natura multiforme dell\u2019amore esaminando alcune fra le innumerevoli testimonianze prodotte nei secoli da quella attivit\u00e0 umana che forse pi\u00f9 di ogni altra si \u00e8 impegnata nell\u2019analisi di questo sentimento, e cio\u00e8 la letteratura.<\/span><\/span><\/p>\n<p><span style=\"font-family: verdana, geneva, sans-serif; font-size: 11pt;\"><span style=\"color: #000080;\"><strong><br \/>La struttura e gli autori<\/strong><\/span>. La raccolta \u00e8 articolata in cinque sezioni, ciascuna delle quali dedicata a una specifica manifestazione dell\u2019amore.<\/span><br \/><span style=\"font-family: verdana, geneva, sans-serif; font-size: 11pt;\"> L\u2019amore giovane (con testi di Jacques Pr\u00e9vert, Gabriele D\u2019Annunzio, Beppe Fenoglio, Davide Bregola, Luca Bianchini, Jackie Rose).<\/span><br \/><span style=\"font-family: verdana, geneva, sans-serif; font-size: 11pt;\"> L\u2019amore coniugale (con testi di Umberto Saba, Natalia Ginzburg, Italo Calvino, Giovanni Testori, Manlio Cancogni).<\/span><br \/><span style=\"font-family: verdana, geneva, sans-serif; font-size: 11pt;\"> L\u2019amore difficile (con testi di Dino Campana, Alphonse Daudet, Luigi Pirandello, Ernest Hemingway, Alberto Moravia, Mavy Muzaffar).<\/span><br \/><span style=\"font-family: verdana, geneva, sans-serif; font-size: 11pt;\"> L\u2019amore felice (con testi di Cesare Pavese, O. Henry, Katherine Mansfield, Banana Yoshimoto, Nicoletta Bracco Falciolo).<\/span><br \/><span style=\"font-family: verdana, geneva, sans-serif; font-size: 11pt;\"> Follie d\u2019amore (con testi di Aldo Palazzeschi, Guy de Maupassant, Achille Campanile, Rod Sterling, Stefano Benni).<\/span><\/p>\n<p>&nbsp;<\/p>\n<p><a href=\"https:\/\/www.edisco.it\/i-liocorni\/wp-content\/uploads\/sites\/79\/2016\/09\/i-colori-dell-amore_preview.pdf\" target=\"_blank\" rel=\"noopener noreferrer\"><img src=\"https:\/\/www.edisco.it\/a-caring-society\/wp-content\/uploads\/sites\/86\/2019\/09\/icona-PDF_60.png\" alt=\"\" align=\"absMiddle\" \/>\u00a0<\/a><span style=\"font-family: verdana,geneva,sans-serif;\"><span style=\"font-size: 12pt;\"><a href=\"https:\/\/www.edisco.it\/i-liocorni\/wp-content\/uploads\/sites\/79\/2016\/09\/i-colori-dell-amore_preview.pdf\" target=\"_blank\" rel=\"noopener noreferrer\">I colori dell'amore_Anteprima.pdf<\/a>\u00a0<\/span><\/span><\/p>\n<iframe src=\"\/\/docs.google.com\/viewer?url=https%3A%2F%2Fwww.edisco.it%2Fi-liocorni%2Fwp-content%2Fuploads%2Fsites%2F79%2F2016%2F09%2Fi-colori-dell-amore_preview.pdf&hl=it&embedded=true\" class=\"gde-frame\" style=\"width:100%; height:1120px; border: none;\" scrolling=\"no\"><\/iframe>\n<p class=\"gde-text\"><a href=\"https:\/\/www.edisco.it\/i-liocorni\/wp-content\/uploads\/sites\/79\/2016\/09\/i-colori-dell-amore_preview.pdf\" class=\"gde-link\">Download (PDF, 276KB)<\/a><\/p>\n<\/div>\n<div>\u00a0<\/div>\n<div>\u00a0<\/div>\n<div>\u00a0<\/div>\n","protected":false},"excerpt":{"rendered":"<p>\u00a0 \u00a0 L\u2019argomento. Pu\u00f2 apparire un compito improbo indagare la natura sfuggente e per molti aspetti misteriosa dell\u2019amore, viste le tante formule con cui in ogni tempo gli uomini hanno cercato di descriverne l\u2019essenza profonda, ogni volta sottolineandone caratteristiche diverse e non di rado reciprocamente incompatibili, arrivando spesso alla conclusione che l\u2019amore sembra essere tutto<\/p>\n","protected":false},"author":3,"featured_media":0,"parent":23,"menu_order":2,"comment_status":"closed","ping_status":"closed","template":"page-templates\/dettaglio_volume.php","meta":[],"acf":[],"_links":{"self":[{"href":"https:\/\/www.edisco.it\/i-liocorni\/wp-json\/wp\/v2\/pages\/31"}],"collection":[{"href":"https:\/\/www.edisco.it\/i-liocorni\/wp-json\/wp\/v2\/pages"}],"about":[{"href":"https:\/\/www.edisco.it\/i-liocorni\/wp-json\/wp\/v2\/types\/page"}],"author":[{"embeddable":true,"href":"https:\/\/www.edisco.it\/i-liocorni\/wp-json\/wp\/v2\/users\/3"}],"replies":[{"embeddable":true,"href":"https:\/\/www.edisco.it\/i-liocorni\/wp-json\/wp\/v2\/comments?post=31"}],"version-history":[{"count":10,"href":"https:\/\/www.edisco.it\/i-liocorni\/wp-json\/wp\/v2\/pages\/31\/revisions"}],"predecessor-version":[{"id":358,"href":"https:\/\/www.edisco.it\/i-liocorni\/wp-json\/wp\/v2\/pages\/31\/revisions\/358"}],"up":[{"embeddable":true,"href":"https:\/\/www.edisco.it\/i-liocorni\/wp-json\/wp\/v2\/pages\/23"}],"wp:attachment":[{"href":"https:\/\/www.edisco.it\/i-liocorni\/wp-json\/wp\/v2\/media?parent=31"}],"curies":[{"name":"wp","href":"https:\/\/api.w.org\/{rel}","templated":true}]}}