{"id":95,"date":"2015-02-02T21:43:46","date_gmt":"2015-02-02T20:43:46","guid":{"rendered":"https:\/\/www.edisco.it\/i-liocorni\/?page_id=95"},"modified":"2023-03-16T13:17:02","modified_gmt":"2023-03-16T12:17:02","slug":"la-strana-storia-di-peter-schlemihl","status":"publish","type":"page","link":"https:\/\/www.edisco.it\/i-liocorni\/configurazione\/la-strana-storia-di-peter-schlemihl\/","title":{"rendered":"La strana storia di Peter Schlemihl"},"content":{"rendered":"<div>\u00a0<\/div>\n<p><span style=\"color: #000080; font-family: verdana, geneva, sans-serif; font-size: 11pt;\">Traduzione e cura di Daniela Meinardi <\/span><\/p>\n<div>\u00a0<\/div>\n<p><span style=\"font-size: 11pt; font-family: verdana, geneva, sans-serif;\"><span style=\"color: #000080;\"><strong>L\u2019argomento<\/strong><\/span>. In una compagnia di ricchi, piuttosto ottusi o comunque poco attenti a ci\u00f2 che li circonda, fa la sua comparsa \u00abl'uomo in grigio\u00bb, modesto, servile, diavolo\u00bb che non esita ad estrarre dalla propria tasca, in mezzo all'indifferenza generale, ogni sorta di oggetti. Solo Peter Schlemihl, che ricco non \u00e8 ancora, \u00e8 colto dallo stupore e dalla meraviglia e, quasi senza accorgersene, accetter\u00e0 di accondiscendere alla singolare richiesta, cedere la sua ombra, in cambio di una ricchezza inesauribile. Da questo momento tutta la sua vita sar\u00e0 molto diversa.<\/span><\/p>\n<p><span style=\"font-family: verdana, geneva, sans-serif; font-size: 11pt;\"><span style=\"color: #000080;\"><strong><br \/>Il significato<\/strong><\/span>. La storia di Peter Schlemihl, che vende la propria ombra ad un misterioso \u00abuomo in grigio\u00bb, doveva semplicemente servire a divertire i figli di un amico, secondo quanto afferm\u00f2 lo stesso autore, lo scrittore tedesco di origine francese Adelbert von Chamisso. In realt\u00e0, questo racconto fantastico, pubblicato nel 1814, attir\u00f2 immediatamente l\u2019attenzione dei critici, che ne misero in evidenza tematiche profonde, legate a problemi culturali del tempo, a motivi letterari di grande interesse, come quello del patto con il diavolo, nonch\u00e9 alle vicende personali dell\u2019autore stesso. L\u2019opera divenne un \u00abclassico\u00bb della letteratura tedesca, fu tradotto in varie lingue e rimane oggi un testo affascinante per i giovani lettori. L\u2019inserimento del soprannaturale nel reale e la fusione di elementi fantastici e fiabeschi con elementi quotidiani e concreti rendono la lettura piacevole e divertente. Le avventure del protagonista si prestano altres\u00ec ad una riflessione quanto mai attuale sulla figura del \u00abdiverso\u00bb, dell\u2019emarginato, del senza patria.<\/span><\/p>\n<p>&nbsp;<\/p>\n<p><a href=\"https:\/\/www.edisco.it\/i-liocorni\/wp-content\/uploads\/sites\/79\/2016\/09\/la-strana-storia-di-peter_preview.pdf\" target=\"_blank\" rel=\"noopener noreferrer\"><img src=\"https:\/\/www.edisco.it\/a-caring-society\/wp-content\/uploads\/sites\/86\/2019\/09\/icona-PDF_60.png\" alt=\"\" align=\"absMiddle\" \/>\u00a0<\/a><span style=\"font-family: verdana,geneva,sans-serif;\"><span style=\"font-size: 12pt;\"><a href=\"https:\/\/www.edisco.it\/i-liocorni\/wp-content\/uploads\/sites\/79\/2016\/09\/la-strana-storia-di-peter_preview.pdf\" target=\"_blank\" rel=\"noopener noreferrer\">La strana storia di Peter Schlemihl_Anteprima.pdf<\/a>\u00a0<\/span><\/span><\/p>\n<iframe src=\"\/\/docs.google.com\/viewer?url=https%3A%2F%2Fwww.edisco.it%2Fi-liocorni%2Fwp-content%2Fuploads%2Fsites%2F79%2F2016%2F09%2Fla-strana-storia-di-peter_preview.pdf&hl=it&embedded=true\" class=\"gde-frame\" style=\"width:100%; height:1120px; border: none;\" scrolling=\"no\"><\/iframe>\n<p class=\"gde-text\"><a href=\"https:\/\/www.edisco.it\/i-liocorni\/wp-content\/uploads\/sites\/79\/2016\/09\/la-strana-storia-di-peter_preview.pdf\" class=\"gde-link\">Download (PDF, 232KB)<\/a><\/p>\n<p>&nbsp;<\/p>\n<p>&nbsp;<\/p>\n<p>&nbsp;<\/p>\n","protected":false},"excerpt":{"rendered":"<p>\u00a0 Traduzione e cura di Daniela Meinardi \u00a0 L\u2019argomento. In una compagnia di ricchi, piuttosto ottusi o comunque poco attenti a ci\u00f2 che li circonda, fa la sua comparsa \u00abl&#8217;uomo in grigio\u00bb, modesto, servile, diavolo\u00bb che non esita ad estrarre dalla propria tasca, in mezzo all&#8217;indifferenza generale, ogni sorta di oggetti. Solo Peter Schlemihl, che<\/p>\n","protected":false},"author":3,"featured_media":0,"parent":23,"menu_order":34,"comment_status":"closed","ping_status":"closed","template":"page-templates\/dettaglio_volume.php","meta":[],"acf":[],"_links":{"self":[{"href":"https:\/\/www.edisco.it\/i-liocorni\/wp-json\/wp\/v2\/pages\/95"}],"collection":[{"href":"https:\/\/www.edisco.it\/i-liocorni\/wp-json\/wp\/v2\/pages"}],"about":[{"href":"https:\/\/www.edisco.it\/i-liocorni\/wp-json\/wp\/v2\/types\/page"}],"author":[{"embeddable":true,"href":"https:\/\/www.edisco.it\/i-liocorni\/wp-json\/wp\/v2\/users\/3"}],"replies":[{"embeddable":true,"href":"https:\/\/www.edisco.it\/i-liocorni\/wp-json\/wp\/v2\/comments?post=95"}],"version-history":[{"count":8,"href":"https:\/\/www.edisco.it\/i-liocorni\/wp-json\/wp\/v2\/pages\/95\/revisions"}],"predecessor-version":[{"id":382,"href":"https:\/\/www.edisco.it\/i-liocorni\/wp-json\/wp\/v2\/pages\/95\/revisions\/382"}],"up":[{"embeddable":true,"href":"https:\/\/www.edisco.it\/i-liocorni\/wp-json\/wp\/v2\/pages\/23"}],"wp:attachment":[{"href":"https:\/\/www.edisco.it\/i-liocorni\/wp-json\/wp\/v2\/media?parent=95"}],"curies":[{"name":"wp","href":"https:\/\/api.w.org\/{rel}","templated":true}]}}