{"id":8,"date":"2022-02-18T14:04:13","date_gmt":"2022-02-18T13:04:13","guid":{"rendered":"https:\/\/www.edisco.it\/marketplace\/?page_id=8"},"modified":"2024-10-01T18:21:29","modified_gmt":"2024-10-01T16:21:29","slug":"scheda-dellopera","status":"publish","type":"page","link":"https:\/\/www.edisco.it\/marketplace\/","title":{"rendered":"Scheda dell&#8217;opera"},"content":{"rendered":"<div id=\"fondopagina\">\n<p class=\"p1\"><span style=\"font-family: 'Pridi'; font-size: 17pt; color: #31476c; font-weight: 200;\"><strong><span class=\"s1\">L\u2019argomento<\/span>.<\/strong><\/span><\/p>\n<p class=\"p1\"><span style=\"font-size: 12pt; font-family: OpenSans; font-weight: 400;\"><em>Marketplace<\/em> \u00e8 un testo rivolto in particolare agli studenti dei corsi con indirizzo Economico e Commerciale, e, pi\u00f9 in generale, a coloro che hanno l\u2019esigenza di utilizzare la lingua inglese come strumento di studio e\/o di lavoro.<\/span><\/p>\n<p class=\"p1\"><span style=\"font-family: 'Pridi'; font-size: 17pt; color: #31476c; font-weight: 200;\"><strong><span class=\"s1\">La struttura<\/span>.<\/strong><\/span><\/p>\n<p class=\"p1\"><span style=\"font-size: 12pt; font-family: OpenSans; font-weight: 400;\">Marketplace \u00e8 diviso in quattro Sezioni, ognuna delle quali \u00e8 ripartita in un numero variabile di unit\u00e0.<\/span><br \/>\n<span style=\"font-size: 12pt; font-family: OpenSans; font-weight: 400;\">Ogni Unit\u00e0 \u00e8 suddivisa in brevi Capitoli su due pagine \u2013 teoria ed esercizi \u2013 per favorire non solo uno studio pi\u00f9 parcellizzato, ma anche la scelta antologica da parte dell\u2019insegnante.<\/span><\/p>\n<p class=\"p1\"><span style=\"font-size: 12pt; font-family: OpenSans; font-weight: 400;\">I contenuti dei capitoli sono divisi in paragrafi titolati per rendere la comprensione pi\u00f9 agevole. Brevi link (ampliamenti, rimandi, attivit\u00e0 o mini-approfondimenti) arricchiscono i brani per consentire una maggiore interattivit\u00e0. Alcune rubriche di approfondimento o curiosit\u00e0, inoltre, corredano la pagina degli esercizi.<\/span><\/p>\n<p class=\"p1\"><span style=\"font-size: 12pt; font-family: OpenSans; font-weight: 400;\">Un ricco apparato iconografico correda i brani di lettura, per ognuno dei quali \u00e8 previsto un esauriente glossario. Al termine di ogni Unit\u00e0 si possono trovare le seguenti sezioni:<\/span><\/p>\n<p class=\"p1\"><span style=\"font-size: 12pt; font-family: OpenSans; font-weight: 400;\">\u2013 Vocabulary: Esercizi di revisione e consolidamento del lessico introdotto nell\u2019unit\u00e0;<\/span><\/p>\n<p class=\"p1\"><span style=\"font-size: 12pt; font-family: OpenSans; font-weight: 400;\">\u2013 Grammar: Revisione delle strutture grammaticali pi\u00f9 comuni con esercizi di rinforzo calati in contesto;<\/span><\/p>\n<p class=\"p1\"><span style=\"font-size: 12pt; font-family: OpenSans; font-weight: 400;\">\u2013 Case study: Argomento di attualit\u00e0 corredato di esercizi mirati all\u2019approfondimento e alla discussione;<\/span><\/p>\n<p class=\"p1\"><span style=\"font-size: 12pt; font-family: OpenSans; font-weight: 400;\">\u2013 Mapping your mind: Mappa concettuale per rappresentare la rete di relazioni tra i vari argomenti dell\u2019Unit\u00e0.<\/span><\/p>\n<p class=\"p1\"><span style=\"font-size: 12pt; font-family: OpenSans; font-weight: 400;\">Al termine di ogni Sezione, il testo propone ulteriori attivit\u00e0:<\/span><\/p>\n<p class=\"p1\"><span style=\"font-size: 12pt; font-family: OpenSans; font-weight: 400;\">\u2013 Real life skills: Compiti di realt\u00e0 e collaborativi, lavori di gruppo con un taglio di tipo pratico calato nella realt\u00e0;<\/span><\/p>\n<p class=\"p1\"><span style=\"font-size: 12pt; font-family: OpenSans; font-weight: 400;\">\u2013 Exams: Esercizi in contesto nelle tipologie previste dagli esami PET, FCE, IELTS e dalla prova INVALSI.<\/span><\/p>\n<p class=\"p1\"><span style=\"font-size: 12pt; font-family: OpenSans; font-weight: 400;\">\u2013 Clip: Breve clip tratta da film con tematiche attinenti ai contenuti presentati.<\/span><\/p>\n<p class=\"p2\"><span style=\"font-family: 'Pridi'; font-size: 17pt; color: #31476c; font-weight: 200;\"><strong>Materiali integrativi<\/strong><\/span><\/p>\n<p class=\"p1\"><span style=\"font-size: 12pt; font-family: OpenSans; font-weight: 400;\">\u2022 TEACHER\u2019S BOOK<\/span><\/p>\n<p class=\"p1\"><span style=\"font-size: 12pt; font-family: OpenSans; font-weight: 400;\">\u2013 Programmazione didattica<\/span><\/p>\n<p class=\"p1\"><span style=\"font-size: 12pt; font-family: OpenSans; font-weight: 400;\">\u2013 Soluzioni degli esercizi<\/span><\/p>\n<p class=\"p1\"><span style=\"font-size: 12pt; font-family: OpenSans; font-weight: 400;\">\u2013 Trascrizione delle attivit\u00e0 di ascolto e dei video<\/span><\/p>\n<p class=\"p1\"><span style=\"font-size: 12pt; font-family: OpenSans; font-weight: 400;\">\u2013 Note didattiche<\/span><\/p>\n<p class=\"p1\"><span style=\"font-size: 12pt; font-family: OpenSans; font-weight: 400;\">\u2013 Prove di verifica<\/span><\/p>\n<p class=\"p1\"><span style=\"font-size: 12pt; font-family: OpenSans; font-weight: 400;\">\u2013 Materiali legati all\u2019Esame di Stato<\/span><\/p>\n<p class=\"p1\"><span style=\"font-size: 12pt; font-family: OpenSans; font-weight: 400;\">\u2013 Approfondimento su didattica inclusiva e BES.<\/span><\/p>\n<\/div>\n<div class=\"centra\">\n<p><span style=\"font-family: verdana, geneva, sans-serif; font-size: 12pt;\"><a href=\"https:\/\/www.edisco.it\/materiali\/proposte-adozione\/MARKETPLACE_Relazione_per_l_adozione.pdf\" target=\"_blank\" rel=\"noopener noreferrer\"><img src=\"https:\/\/www.edisco.it\/a-caring-society\/wp-content\/uploads\/sites\/86\/2019\/09\/icona-PDF_60.png\" alt=\"\" align=\"absMiddle\" \/><\/a> <a href=\"https:\/\/www.edisco.it\/materiali\/proposte-adozione\/MARKETPLACE_Relazione_per_l_adozione.pdf\" target=\"_blank\" rel=\"noopener noreferrer\"><br \/>\nMARKETPLACE<br \/>\nRelazione per l'adozione.pdf<\/a><\/span><\/p>\n<p><span style=\"font-size: 12pt;\"><span style=\"font-family: verdana, geneva, sans-serif;\"><a href=\"https:\/\/www.edisco.it\/materiali\/proposte-adozione\/2021\/MARKETPLACE_Relazione_per_l_adozione.rtf\"><img style=\"line-height: 23.1111px;\" src=\"https:\/\/www.edisco.it\/il-colore-delle-parole\/wp-content\/uploads\/sites\/66\/2015\/04\/icona-Word_60.png\" alt=\"\" align=\"absMiddle\" \/><\/a> <a href=\"https:\/\/www.edisco.it\/materiali\/proposte-adozione\/MARKETPLACE_Relazione_per_l_adozione.rtf\"><br \/>\nMARKETPLACE &lt;<br \/>\nRelazione per l'adozione.rtf<\/a><\/span><\/span><\/p>\n<\/div>\n","protected":false},"excerpt":{"rendered":"<p>L\u2019argomento. Marketplace \u00e8 un testo rivolto in particolare agli studenti dei corsi con indirizzo Economico e Commerciale, e, pi\u00f9 in generale, a coloro che hanno l\u2019esigenza di utilizzare la lingua inglese come strumento di studio e\/o di lavoro. La struttura. Marketplace \u00e8 diviso in quattro Sezioni, ognuna delle quali \u00e8 ripartita in un numero variabile<\/p>\n","protected":false},"author":3,"featured_media":0,"parent":0,"menu_order":0,"comment_status":"closed","ping_status":"closed","template":"page-templates\/scheda_opera.php","meta":[],"acf":[],"_links":{"self":[{"href":"https:\/\/www.edisco.it\/marketplace\/wp-json\/wp\/v2\/pages\/8"}],"collection":[{"href":"https:\/\/www.edisco.it\/marketplace\/wp-json\/wp\/v2\/pages"}],"about":[{"href":"https:\/\/www.edisco.it\/marketplace\/wp-json\/wp\/v2\/types\/page"}],"author":[{"embeddable":true,"href":"https:\/\/www.edisco.it\/marketplace\/wp-json\/wp\/v2\/users\/3"}],"replies":[{"embeddable":true,"href":"https:\/\/www.edisco.it\/marketplace\/wp-json\/wp\/v2\/comments?post=8"}],"version-history":[{"count":13,"href":"https:\/\/www.edisco.it\/marketplace\/wp-json\/wp\/v2\/pages\/8\/revisions"}],"predecessor-version":[{"id":368,"href":"https:\/\/www.edisco.it\/marketplace\/wp-json\/wp\/v2\/pages\/8\/revisions\/368"}],"wp:attachment":[{"href":"https:\/\/www.edisco.it\/marketplace\/wp-json\/wp\/v2\/media?parent=8"}],"curies":[{"name":"wp","href":"https:\/\/api.w.org\/{rel}","templated":true}]}}