{"id":9,"date":"2021-02-15T09:13:37","date_gmt":"2021-02-15T08:13:37","guid":{"rendered":"https:\/\/www.edisco.it\/a-caring-society-new-edition\/?page_id=9"},"modified":"2026-03-26T11:52:43","modified_gmt":"2026-03-26T10:52:43","slug":"scheda-dellopera","status":"publish","type":"page","link":"https:\/\/www.edisco.it\/new-a-caring-society\/","title":{"rendered":"Scheda dell&#8217;opera"},"content":{"rendered":"\n<p><\/p>\n\n\n<div>\u00a0<\/div>\n<div id=\"fondinorimando\">\n<p><span style=\"font-size: 18pt;\"><a href=\"https:\/\/www.edisco.it\/life-stages\/\"><span style=\"color: #800000;\"><strong><span style=\"font-family: verdana, geneva, sans-serif;\">Vai alla nuova edizione -&gt;<\/span><\/strong><\/span><\/a><\/span><\/p>\n<\/div>\n<div id=\"fondopagina\">\n<p><span style=\"font-family: 'Pridi'; font-size: 17pt; color: #31476c; font-weight: 200;\">L'argomento<\/span><\/p>\n<p><span style=\"font-size: 12pt; font-family: OpenSans; font-weight: 400;\">\u00c8 un testo rivolto in particolare agli studenti dei corsi con <strong>indirizzo Servizi Socio-Sanitari<\/strong> e, pi\u00f9 in generale, a coloro che hanno l\u2019esigenza di utilizzare la lingua inglese come strumento di studio e\/o di lavoro in questo settore.<\/span><\/p>\n<p><span style=\"font-family: 'Pridi'; font-size: 17pt; color: #31476c; font-weight: 200;\"><br \/>La struttura<\/span><\/p>\n<p><span style=\"font-size: 12pt; font-family: OpenSans; font-weight: 400;\"><em><strong>A Caring Society N.E.<\/strong><\/em> \u00e8 diviso in <strong>otto Moduli<\/strong>, ognuno dei quali \u00e8 ripartito in due sezioni:<br \/>1 \u2013 <strong><em>Contents<\/em><\/strong> \u2013 Divisa in Unit\u00e0, contiene testi e attivit\u00e0 che riguardano i contenuti specifici della specializzazione gi\u00e0 affrontati in L1.<br \/>Ogni Unit\u00e0 \u00e8 suddivisa in brevi Capitoli su due pagine \u2013 teoria ed esercizi \u2013 per favorire sia uno studio pi\u00f9 parcellizzato, sia la scelta antologica da parte dell\u2019insegnante. I contenuti dei capitoli sono enucleati, cio\u00e8 sono divisi in pi\u00f9 paragrafi titolati per rendere la comprensione pi\u00f9 agevole.<br \/>Brevi link (verdi per i link attivi con attivit\u00e0, arancioni per quelli informativi senza attivit\u00e0) arricchiscono i brani per consentire una maggiore interattivit\u00e0 con gli allievi.<br \/>Alcune rubriche di approfondimento o curiosit\u00e0, inoltre, permettono di ampliare le conoscenze sugli argomenti.<br \/>Un ricco apparato iconografico correda i brani di lettura, per ognuno dei quali \u00e8 previsto un esauriente glossario.<br \/>Ogni Unit\u00e0 si chiude con una pagina di grammatica e una dedicata ad un\u2019abilit\u00e0 linguistica.<br \/>2 \u2013 <em><strong>Development<\/strong><\/em> \u2013 Ogni Modulo termina con le seguenti ripartizioni:<br \/>\u2022 <em>Vocabulary<\/em> (lessico pi\u00f9 importante del Modulo);<br \/>\u2022 <em>Life Skills<\/em> (compiti di realt\u00e0);<br \/>\u2022 <em>Case Study<\/em> (esempio concreto di argomento\/i del Modulo);<br \/>\u2022 <em>Film Clip<\/em> (brevi inser ti di opere cinematografiche);<br \/>\u2022 <em>Mapping Your Mind<\/em> (rete di relazioni tra i vari argomenti del Modulo).<br \/>Ogni Unit\u00e0 presenta almeno una risorsa online e un video, quasi sempre accompagnati da attivit\u00e0.<br \/><\/span><\/p>\n<p><span style=\"font-family: 'Pridi'; font-size: 17pt; color: #31476c; font-weight: 200;\"><br \/>Materiali integrativi<\/span><br \/><span style=\"font-size: 12pt; font-family: OpenSans; font-weight: 400;\"><br \/>\u2022 TEACHER\u2019S BOOK<br \/>Con le chiavi degli esercizi, gli audioscripts delle attivit\u00e0 di ascolto, note e procedure didattiche, prove di verifica collegate ai singoli<br \/>Moduli, materiale informativo utile per il docente (ad es. Piano di lavoro, Didattica inclusiva).<br \/>\u2022 Tracce AUDIO mp3 per le attivit\u00e0 di ascolto registrate con l\u2019impiego di speakers madrelingua.<br \/>\u2022 ONLINE RESOURCES<br \/>Sul sito web della Casa Editrice sono disponibili espansioni a completamento e potenziamento del testo, film clips, e materiale informativo didattico (ad es. Didattica Digitale Integrata).<\/span><\/p>\n<\/div>","protected":false},"excerpt":{"rendered":"<p>\u00a0 Vai alla nuova edizione -&gt; L&#8217;argomento \u00c8 un testo rivolto in particolare agli studenti dei corsi con indirizzo Servizi Socio-Sanitari e, pi\u00f9 in generale, a coloro che hanno l\u2019esigenza di utilizzare la lingua inglese come strumento di studio e\/o di lavoro in questo settore. La struttura A Caring Society N.E. \u00e8 diviso in otto<\/p>\n","protected":false},"author":3,"featured_media":0,"parent":0,"menu_order":0,"comment_status":"closed","ping_status":"closed","template":"page-templates\/scheda_opera.php","meta":[],"acf":[],"_links":{"self":[{"href":"https:\/\/www.edisco.it\/new-a-caring-society\/wp-json\/wp\/v2\/pages\/9"}],"collection":[{"href":"https:\/\/www.edisco.it\/new-a-caring-society\/wp-json\/wp\/v2\/pages"}],"about":[{"href":"https:\/\/www.edisco.it\/new-a-caring-society\/wp-json\/wp\/v2\/types\/page"}],"author":[{"embeddable":true,"href":"https:\/\/www.edisco.it\/new-a-caring-society\/wp-json\/wp\/v2\/users\/3"}],"replies":[{"embeddable":true,"href":"https:\/\/www.edisco.it\/new-a-caring-society\/wp-json\/wp\/v2\/comments?post=9"}],"version-history":[{"count":20,"href":"https:\/\/www.edisco.it\/new-a-caring-society\/wp-json\/wp\/v2\/pages\/9\/revisions"}],"predecessor-version":[{"id":511,"href":"https:\/\/www.edisco.it\/new-a-caring-society\/wp-json\/wp\/v2\/pages\/9\/revisions\/511"}],"wp:attachment":[{"href":"https:\/\/www.edisco.it\/new-a-caring-society\/wp-json\/wp\/v2\/media?parent=9"}],"curies":[{"name":"wp","href":"https:\/\/api.w.org\/{rel}","templated":true}]}}