{"id":23,"date":"2014-02-12T16:52:48","date_gmt":"2014-02-12T15:52:48","guid":{"rendered":"https:\/\/www.edisco.it\/escapes\/?page_id=23"},"modified":"2024-10-31T10:49:45","modified_gmt":"2024-10-31T09:49:45","slug":"scheda-dellopera","status":"publish","type":"page","link":"https:\/\/www.edisco.it\/new-escapes\/","title":{"rendered":"Scheda dell&#8217;opera"},"content":{"rendered":"<div id=\"fondopagina\">\n<p><span style=\"font-size: 11pt; font-family: verdana, geneva, sans-serif;\">Un <strong>manuale di \u2018<em>civilt\u00e0\u2019 <\/em>inglese di livello B1-B2 <\/strong>che si propone di mettere a fuoco, secondo un\u2019<strong>ottica interculturale<\/strong>, gli aspetti pi\u00f9 significativi dei paesi in cui la lingua inglese \u00e8 parlata.<\/span><\/p>\n<p><span style=\"font-family: verdana, geneva, sans-serif; font-size: 11pt;\">I 12 Moduli e le relative 36 Unit\u00e0 in cui \u00e8 suddiviso ESCAPES offrono una <strong>visione globale e globalizzata <\/strong>del mondo in cui l\u2019inglese \u00e8 parlato come L1 o L2 o come lingua veicolare, cogliendone gli aspetti reali, ma anche fornendo occasioni di \"fuga dalla realt\u00e0\" attraverso la <strong>letteratura <\/strong>e il <strong>cinema<\/strong>.<\/span><\/p>\n<p><span style=\"font-family: verdana, geneva, sans-serif; font-size: 11pt;\"> Il testo \u00e8 particolarmente innovativo e motivante in quanto ogni Modulo, nel trattare le diverse culture di lingua inglese sotto l\u2019aspetto geografico, storico, sociale, letterario e artistico, fa sempre riferimento ad un <strong>film particolarmente significativo per l\u2019argomento trattato<\/strong>. Inoltre, offre molteplici occasioni di rinforzo ed approfondimento grazie ai <strong>siti Internet <\/strong>citati punto per punto e al materiale autentico e aggiornato tratto da riviste, quotidiani e dalla \u201crete\u201d.<\/span><br \/>\n<span style=\"font-family: verdana, geneva, sans-serif; font-size: 11pt;\"> Le <strong>attivit\u00e0<\/strong>, infine, sono sempre mirate, oltre che a sviluppare le abilit\u00e0 ricettive e produttive, a stimolare l\u2019attivit\u00e0 di gruppo e di classe ed il confronto delle opinioni. Particolare attenzione \u00e8 stata rivolta agli <strong>esercizi riguardanti i film<\/strong>.<\/span><\/p>\n<p><span style=\"font-family: verdana, geneva, sans-serif; font-size: 11pt;\">L\u2019opera \u00e8 corredata dalla Guida per l\u2019insegnante che comprende:<\/span><\/p>\n<ul>\n<li><span style=\"font-family: verdana, geneva, sans-serif; font-size: 11pt;\">Un <strong>DVD <\/strong>contenente le clip dei film e i brani delle attivit\u00e0 di ascolto;<\/span><\/li>\n<li><span style=\"font-family: verdana, geneva, sans-serif; font-size: 11pt;\">i <strong>testi completi delle registrazioni<\/strong>;<\/span><\/li>\n<li><span style=\"font-family: verdana, geneva, sans-serif; font-size: 11pt;\">le <strong>soluzioni degli esercizi<\/strong>;<\/span><\/li>\n<li><span style=\"font-family: verdana, geneva, sans-serif; font-size: 11pt;\">le note e i suggerimenti per l\u2019insegnante;<\/span><\/li>\n<li><span style=\"font-family: verdana, geneva, sans-serif; font-size: 11pt;\">materiale extra per attivit\u00e0 di approfondimento e di esercitazione.<\/span><\/li>\n<\/ul>\n<\/div>\n<div id=\"fondinogiallo\">\n<p><span style=\"font-size: 11pt; font-family: verdana, geneva, sans-serif;\">Nelle <a href=\"https:\/\/www.edisco.it\/new-escapes\/risorse-digitali-online\/\" target=\"_blank\" rel=\"noopener noreferrer\"><span style=\"color: #000080;\"><strong>Risorse digitali online<\/strong><\/span><\/a> si trovano, liberamente accessibili<\/span><\/p>\n<ul>\n<li><span style=\"font-family: verdana, geneva, sans-serif; font-size: 11pt;\"><span style=\"line-height: 19.2px;\">Film clips<\/span><\/span><\/li>\n<li><span style=\"font-family: verdana, geneva, sans-serif; font-size: 11pt;\">Listening activities<\/span><\/li>\n<\/ul>\n<p><span style=\"font-size: 11pt; font-family: verdana, geneva, sans-serif;\"> Nei <a href=\"https:\/\/www.edisco.it\/new-escapes\/materiali-per-il-docente\/\" target=\"_blank\" rel=\"noopener noreferrer\"><span style=\"color: #000080;\"><strong>Materiali per il docente<\/strong><\/span><\/a> si trovano, accessibili ai docenti dopo aver effettuato il LOGIN:<\/span><\/p>\n<ul>\n<li><span style=\"font-family: verdana, geneva, sans-serif; font-size: 11pt;\">Teacher's Guide in forma digitale<\/span><\/li>\n<\/ul>\n<\/div>\n<div><\/div>\n<div id=\"fondinoschedeadozione\">\n<p><span style=\"font-family: verdana, geneva, sans-serif; font-size: 12pt;\"><a href=\"https:\/\/www.edisco.it\/new-escapes\/wp-content\/uploads\/sites\/11\/2015\/04\/ESCAPES_Relazione-per-ladozione.pdf\"><img style=\"line-height: 23.1111116872559px;\" src=\"https:\/\/www.edisco.it\/a-caring-society\/wp-content\/uploads\/sites\/86\/2019\/09\/icona-PDF_60.png\" alt=\"\" align=\"absMiddle\" \/> ESCAPES_Relazione per l'adozione.pdf <\/a><\/span><\/p>\n<p><span style=\"font-family: verdana, geneva, sans-serif; font-size: 12pt;\"><a href=\"https:\/\/www.edisco.it\/materiali\/proposte-adozione\/ESCAPES_Relazione per l'adozione.rtf\"><img style=\"line-height: 23.1111px;\" src=\"https:\/\/www.edisco.it\/il-colore-delle-parole\/wp-content\/uploads\/sites\/66\/2015\/04\/icona-Word_60.png\" alt=\"\" align=\"absMiddle\" \/> ESCAPES_Relazione per l'adozione.rtf<\/a><\/span><\/p>\n<\/div>\n","protected":false},"excerpt":{"rendered":"<p>Un manuale di \u2018civilt\u00e0\u2019 inglese di livello B1-B2 che si propone di mettere a fuoco, secondo un\u2019ottica interculturale, gli aspetti pi\u00f9 significativi dei paesi in cui la lingua inglese \u00e8 parlata. I 12 Moduli e le relative 36 Unit\u00e0 in cui \u00e8 suddiviso ESCAPES offrono una visione globale e globalizzata del mondo in cui l\u2019inglese<\/p>\n","protected":false},"author":4,"featured_media":0,"parent":0,"menu_order":0,"comment_status":"closed","ping_status":"closed","template":"page-templates\/scheda_opera.php","meta":[],"acf":[],"_links":{"self":[{"href":"https:\/\/www.edisco.it\/new-escapes\/wp-json\/wp\/v2\/pages\/23"}],"collection":[{"href":"https:\/\/www.edisco.it\/new-escapes\/wp-json\/wp\/v2\/pages"}],"about":[{"href":"https:\/\/www.edisco.it\/new-escapes\/wp-json\/wp\/v2\/types\/page"}],"author":[{"embeddable":true,"href":"https:\/\/www.edisco.it\/new-escapes\/wp-json\/wp\/v2\/users\/4"}],"replies":[{"embeddable":true,"href":"https:\/\/www.edisco.it\/new-escapes\/wp-json\/wp\/v2\/comments?post=23"}],"version-history":[{"count":15,"href":"https:\/\/www.edisco.it\/new-escapes\/wp-json\/wp\/v2\/pages\/23\/revisions"}],"predecessor-version":[{"id":261,"href":"https:\/\/www.edisco.it\/new-escapes\/wp-json\/wp\/v2\/pages\/23\/revisions\/261"}],"wp:attachment":[{"href":"https:\/\/www.edisco.it\/new-escapes\/wp-json\/wp\/v2\/media?parent=23"}],"curies":[{"name":"wp","href":"https:\/\/api.w.org\/{rel}","templated":true}]}}