{"id":110,"date":"2015-02-18T21:22:16","date_gmt":"2015-02-18T20:22:16","guid":{"rendered":"https:\/\/www.edisco.it\/rainbows\/?page_id=110"},"modified":"2024-07-12T14:12:04","modified_gmt":"2024-07-12T12:12:04","slug":"hamlet","status":"publish","type":"page","link":"https:\/\/www.edisco.it\/rainbows\/configurazione\/hamlet\/","title":{"rendered":"Hamlet"},"content":{"rendered":"<div>&nbsp;<\/div>\n<div><span style=\"font-family: verdana, geneva, sans-serif; font-size: 11pt;\"> <em>A cura di J. Pignet<\/em><\/span>&nbsp;<\/p>\n<p><span style=\"color: #000080; font-family: verdana, geneva, sans-serif; font-size: 11pt;\"><strong>Level B2<br \/>\n<\/strong><\/span><span style=\"font-family: verdana, geneva, sans-serif; font-size: 11pt;\"><strong>volume + audio mp3<br \/>\n<\/strong><\/span><\/p>\n<\/div>\n<div><span style=\"font-size: 11pt; font-family: verdana, geneva, sans-serif;\"><span style=\"font-size: 11pt; font-family: verdana, geneva, sans-serif;\"><br \/>\nHamlet<em> is one of the most famous and frequently represented plays written by Shakespeare. Its psychological, relational and existential implications make this tragedy remain relevant and intriguing. <\/em><br \/>\n<em>Hamlet\u2019s father\u2019s ghost appears to him to ask to avenge his death caused by his brother Claudius, who has usurped the throne and married his sister-in-law after the murder.<\/em><br \/>\n<em>Hamlet\u2019s witty plan to organize the revenge goes along with his presumed madness. The sequence of woeful events and the finale loaded with violent deaths are the typical ingredients of the \u201crevenge tragedies\u201d of the time.<\/em><br \/>\n<em>The book, written in narrative form, is interspaced with authentic lines, among the most famous ones. It is also enriched with inserts on theatre and cinema performances, the sources, the various themes of the tragedy and the study of its main characters.<\/em><\/span><\/span>&nbsp;<\/p>\n<p><em>Teacher's Resources available online: Answer Key - Audioscripts - Summing-up Activities<\/em><\/p>\n<p>Una delle pi\u00f9 celebri e rappresentate tragedie di Shakespeare, i cui risvolti psicologici, relazionali ed esistenziali la rendono ancora attuale ed intrigante. La successione di funesti eventi e il finale carico di morti violente sono i tipici ingredienti della tragedia dell\u2019epoca. Il reader \u00e8 esposto in forma narrativa con intermezzi di versi autentici tra i pi\u00f9 famosi. \u00c8 corredato da approfondimenti, tra i quali, le fonti, le problematiche e lo studio dei personaggi, le rappresentazioni teatrali e cinematografiche della tragedia.<\/p>\n<\/div>\n<div>&nbsp;<\/div>\n<div id=\"fondinoazzurro\">\n<p><a href=\"https:\/\/www.edisco.it\/rainbows\/configurazione\/hamlet\/audio\/\" target=\"_blank\" rel=\"noopener noreferrer\"><span style=\"font-size: 13.3333px;\"><img style=\"line-height: 23.1111px; width: 80px; height: 60px;\" src=\"https:\/\/www.edisco.it\/life-reflections\/wp-content\/uploads\/sites\/45\/2015\/04\/audio1.png\" alt=\"\" align=\"absMiddle\"> <\/span><span style=\"font-size: 14pt;\"><strong><span style=\"font-family: verdana,geneva,sans-serif;\">Audiobook<\/span><\/strong><\/span><\/a><\/p>\n<\/div>\n<div>&nbsp;<\/div>\n<div>&nbsp;<\/div>\n<p><a href=\"https:\/\/www.edisco.it\/rainbows\/wp-content\/uploads\/sites\/82\/2016\/07\/hamletpre.pdf\" target=\"_blank\" rel=\"noopener noreferrer\"><img src=\"https:\/\/www.edisco.it\/a-caring-society\/wp-content\/uploads\/sites\/86\/2019\/09\/icona-PDF_60.png\" alt=\"\" align=\"absMiddle\"> <\/a><span style=\"font-family: verdana,geneva,sans-serif;\"><span style=\"font-size: 12pt;\"><a href=\"https:\/\/www.edisco.it\/rainbows\/wp-content\/uploads\/sites\/82\/2016\/07\/hamletpre.pdf\" target=\"_blank\" rel=\"noopener noreferrer\">Hamlet_Anteprima.pdf<\/a> <\/span><\/span><\/p>\n<p style=\"text-align: center;\"><span style=\"font-family: verdana, geneva, sans-serif; font-size: 12pt;\"><strong><span style=\"color: #4786b5;\">Clicca sulla copertina per sfogliare l'anteprima<\/span><\/strong> <\/span><\/p>\n<div class=\"contenitore\"><a href=\"https:\/\/www.edisco.it\/anteprime\/rainbows\/hamlet\"><img class=\"flip\" src=\"https:\/\/www.edisco.it\/rainbows\/wp-content\/uploads\/sites\/82\/2023\/07\/hamlet-cop.jpg\" width=\"600\" align=\"absmiddle\"><\/a>&nbsp;<\/p>\n<\/div>\n","protected":false},"excerpt":{"rendered":"<p>&nbsp; A cura di J. Pignet&nbsp; Level B2 volume + audio mp3 Hamlet is one of the most famous and frequently represented plays written by Shakespeare. Its psychological, relational and existential implications make this tragedy remain relevant and intriguing. Hamlet\u2019s father\u2019s ghost appears to him to ask to avenge his death caused by his brother<\/p>\n","protected":false},"author":3,"featured_media":0,"parent":19,"menu_order":36,"comment_status":"closed","ping_status":"closed","template":"page-templates\/dettaglio_volume.php","meta":[],"acf":[],"_links":{"self":[{"href":"https:\/\/www.edisco.it\/rainbows\/wp-json\/wp\/v2\/pages\/110"}],"collection":[{"href":"https:\/\/www.edisco.it\/rainbows\/wp-json\/wp\/v2\/pages"}],"about":[{"href":"https:\/\/www.edisco.it\/rainbows\/wp-json\/wp\/v2\/types\/page"}],"author":[{"embeddable":true,"href":"https:\/\/www.edisco.it\/rainbows\/wp-json\/wp\/v2\/users\/3"}],"replies":[{"embeddable":true,"href":"https:\/\/www.edisco.it\/rainbows\/wp-json\/wp\/v2\/comments?post=110"}],"version-history":[{"count":14,"href":"https:\/\/www.edisco.it\/rainbows\/wp-json\/wp\/v2\/pages\/110\/revisions"}],"predecessor-version":[{"id":1632,"href":"https:\/\/www.edisco.it\/rainbows\/wp-json\/wp\/v2\/pages\/110\/revisions\/1632"}],"up":[{"embeddable":true,"href":"https:\/\/www.edisco.it\/rainbows\/wp-json\/wp\/v2\/pages\/19"}],"wp:attachment":[{"href":"https:\/\/www.edisco.it\/rainbows\/wp-json\/wp\/v2\/media?parent=110"}],"curies":[{"name":"wp","href":"https:\/\/api.w.org\/{rel}","templated":true}]}}