{"id":127,"date":"2015-05-19T14:15:57","date_gmt":"2015-05-19T12:15:57","guid":{"rendered":"https:\/\/www.edisco.it\/rainbows\/?page_id=127"},"modified":"2024-07-15T14:59:35","modified_gmt":"2024-07-15T12:59:35","slug":"the-secret-garden","status":"publish","type":"page","link":"https:\/\/www.edisco.it\/rainbows\/configurazione\/the-secret-garden\/","title":{"rendered":"The Secret Garden"},"content":{"rendered":"<div><\/div>\n<div><\/div>\n<div><em><span style=\"font-family: verdana, geneva, sans-serif;\"><span style=\"font-size: 11pt; line-height: 19.2000007629395px;\">a cura di S. Coletto<\/span><\/span><\/em><\/p>\n<p><span style=\"font-size: 11pt;\"><span style=\"font-family: verdana,geneva,sans-serif;\"><span style=\"color: #000080;\"><span style=\"font-size: 18px;\"><strong><span style=\"font-size: 14px;\">Level A1<br \/>\n<\/span><\/strong><\/span><\/span><\/span><\/span><strong><span style=\"font-size: 11pt;\"><span style=\"font-family: verdana,geneva,sans-serif;\">volume + audio mp3<br \/>\n<\/span><\/span><\/strong><\/p>\n<\/div>\n<div><\/div>\n<div><span style=\"font-size: 11pt;\"><span style=\"font-size: 11pt;\"><span style=\"font-family: verdana,geneva,sans-serif;\"><em>Young Mary Lennox is an orphan and is sent to live with her widowed uncle in a cold manor in Yorkshire. She is mostly left on her own but she is a resourceful and inquisitive girl. <\/em><br \/>\n<em>So she soon makes two exciting discoveries: first she finds an overgrown secret garden, the favourite place of her aunt, locked up since her death; second, that she has a cousin, Colin, a sickly boy who must remain in bed out of the daylight at all times. <\/em><br \/>\n<em>But Mary and another new friend, Dickon, bring the garden back to life and decide that Colin must see it, a decision that will change several lives...<\/em><br \/>\n<em>The reader contains inserts on manors, India and Yorkshire.<\/em><\/span><\/span><\/span><\/p>\n<p><em>Teacher's Resources available online: Answer Key - Audioscripts - Summing-up Activities<\/em><\/p>\n<p>Rimasta orfana, Mary Lennox viene mandata dall\u2019India in Inghilterra da suo zio, vedovo. Si trova a vivere in una grande ma fredda casa di campagna ed \u00e8 quasi sempre sola.<br \/>\nMa Mary \u00e8 una ragazzina intraprendente e curiosa e fa due scoperte molto intriganti: uno dei giardini \u00e8 abbandonato e nessuno vi pu\u00f2 accedere: perch\u00e9? Suo cugino Colin \u00e8 costretto da tanto tempo a letto: \u00e8 davvero malato?<br \/>\nMary e il suo nuovo amico Dickon riportano in vita il giardino e decidono che Colin lo deve vedere: una decisione che cambier\u00e0 i destini di molti.<br \/>\n.<\/p>\n<\/div>\n<div id=\"fondinoazzurro\">\n<p><a href=\"https:\/\/www.edisco.it\/rainbows\/configurazione\/the-secret-garden\/audio\/\" target=\"_blank\" rel=\"noopener noreferrer\"><span style=\"font-size: 13.3333px;\"><img style=\"line-height: 23.1111px; width: 80px; height: 60px;\" src=\"https:\/\/www.edisco.it\/life-reflections\/wp-content\/uploads\/sites\/45\/2015\/04\/audio1.png\" alt=\"\" align=\"absMiddle\" \/> <\/span><span style=\"font-size: 14pt;\"><strong><span style=\"font-family: verdana,geneva,sans-serif;\">Audiobook<\/span><\/strong><\/span><\/a><\/p>\n<\/div>\n<p>.<\/p>\n<p style=\"text-align: center;\"><span style=\"font-family: verdana, geneva, sans-serif; font-size: 12pt;\"><strong><span style=\"color: #4786b5;\">Clicca sulla copertina per sfogliare l'anteprima<\/span><\/strong> <\/span><\/p>\n<div class=\"contenitore\"><a href=\"https:\/\/www.edisco.it\/anteprime\/rainbows\/the-secret-garden\"><img class=\"flip\" src=\"https:\/\/www.edisco.it\/rainbows\/wp-content\/uploads\/sites\/82\/2023\/08\/the-secret-garden.jpg\" width=\"600\" align=\"absmiddle\" \/><\/a><\/p>\n<div><\/div>\n<\/div>\n","protected":false},"excerpt":{"rendered":"<p>a cura di S. Coletto Level A1 volume + audio mp3 Young Mary Lennox is an orphan and is sent to live with her widowed uncle in a cold manor in Yorkshire. She is mostly left on her own but she is a resourceful and inquisitive girl. So she soon makes two exciting discoveries: first<\/p>\n","protected":false},"author":3,"featured_media":0,"parent":19,"menu_order":0,"comment_status":"closed","ping_status":"closed","template":"page-templates\/dettaglio_volume.php","meta":[],"acf":[],"_links":{"self":[{"href":"https:\/\/www.edisco.it\/rainbows\/wp-json\/wp\/v2\/pages\/127"}],"collection":[{"href":"https:\/\/www.edisco.it\/rainbows\/wp-json\/wp\/v2\/pages"}],"about":[{"href":"https:\/\/www.edisco.it\/rainbows\/wp-json\/wp\/v2\/types\/page"}],"author":[{"embeddable":true,"href":"https:\/\/www.edisco.it\/rainbows\/wp-json\/wp\/v2\/users\/3"}],"replies":[{"embeddable":true,"href":"https:\/\/www.edisco.it\/rainbows\/wp-json\/wp\/v2\/comments?post=127"}],"version-history":[{"count":12,"href":"https:\/\/www.edisco.it\/rainbows\/wp-json\/wp\/v2\/pages\/127\/revisions"}],"predecessor-version":[{"id":1636,"href":"https:\/\/www.edisco.it\/rainbows\/wp-json\/wp\/v2\/pages\/127\/revisions\/1636"}],"up":[{"embeddable":true,"href":"https:\/\/www.edisco.it\/rainbows\/wp-json\/wp\/v2\/pages\/19"}],"wp:attachment":[{"href":"https:\/\/www.edisco.it\/rainbows\/wp-json\/wp\/v2\/media?parent=127"}],"curies":[{"name":"wp","href":"https:\/\/api.w.org\/{rel}","templated":true}]}}