{"id":10,"date":"2026-02-05T13:01:53","date_gmt":"2026-02-05T12:01:53","guid":{"rendered":"https:\/\/www.edisco.it\/ready-set-go\/?page_id=10"},"modified":"2026-03-23T14:58:37","modified_gmt":"2026-03-23T13:58:37","slug":"scheda-dellopera","status":"publish","type":"page","link":"https:\/\/www.edisco.it\/ready-set-go\/","title":{"rendered":"Scheda dell&#8217;opera"},"content":{"rendered":"<p><span style=\"font-family: 'Pridi'; font-size: 17pt; color: #31476c; font-weight: 200;\"><strong>Argomento e obiettivi del testo<\/strong><\/span><br \/>\n<span style=\"font-size: 12pt; font-family: 'Open Sans'; font-weight: 400;\"><em>Ready, set, go!<\/em> \u00e8 un corso di inglese specialistico per gli studenti dei corsi a indirizzo <strong>Sportivo<\/strong> e, pi\u00f9 in generale, per coloro che operano nel campo delle Scienze motorie e delle discipline sportive che hanno l'esigenza di utilizzare la lingua inglese come strumento di studio e\/o di lavoro in questi settori.<\/span><\/p>\n<p><span style=\"font-size: 12pt; font-family: 'Open Sans'; font-weight: 400;\">I contenuti, veicolati attraverso testi di livelli di diversa complessit\u00e0, vengono esplorati utilizzando le quattro abilit\u00e0 in modo omogeneo ed integrato. Il testo d\u00e0 inoltre grande importanza alla pratica linguistica attraverso attivit\u00e0 che agevolano la revisione e la ripetizione dei contenuti studiati, favorendone l'apprendimento e l'interiorizzazione.<br \/>\nI brani offrono un assortimento di stili, registri e livelli di difficolt\u00e0, e sono tratti da fonti diverse ed autentiche: libri e manuali, riviste e quotidiani online e siti web, anche specialistici.<\/span><\/p>\n<p><span style=\"font-size: 12pt; font-family: 'Open Sans'; font-weight: 400;\">Il testo si propone di:<\/span><\/p>\n<ul style=\"font-size: 12pt; font-family: 'Open Sans'; font-weight: 400;\">\n<li>far acquisire le competenze necessarie per comprendere testi che presentano termini, espressioni, strutture sintattiche e modalit\u00e0 discorsive specifiche del linguaggio settoriale;<\/li>\n<li>migliorare le capacit\u00e0 di ricezione e produzione orale e scritta;<\/li>\n<li>consolidare abitudini grammaticali corrette;<\/li>\n<li>incoraggiare l'autonomia linguistica e la soluzione di problemi;<\/li>\n<li>stimolare l'interesse e la partecipazione attiva degli studenti, dando spazio alla loro esperienza personale e a problematiche di attualit\u00e0.<\/li>\n<\/ul>\n<p><span style=\"font-size: 12pt; font-family: 'Open Sans'; font-weight: 400;\">contribuire a sviluppare la riflessione su temi di cittadinanza e sui valori dello sport.<\/span><\/p>\n<p><span style=\"font-family: 'Pridi'; font-size: 17pt; color: #31476c; font-weight: 200;\"><strong>La struttura<\/strong><\/span><br \/>\n<span style=\"font-size: 12pt; font-family: 'Open Sans'; font-weight: 400;\"><em>Ready, set, go!<\/em> \u00e8 diviso in&nbsp;otto Moduli, ognuno dei quali ripartito in un numero variabile di Unit\u00e0.<br \/>\nI primi tre Moduli trattano gli <strong>sport pi\u00f9 comuni<\/strong>, presentandone le origini, le regole, le attrezzature e i protagonisti; i moduli successivi approfondiscono il campo delle discipline sportive e propongono <strong>spunti interdisciplinari<\/strong>: storia, filosofia, fisica, diritto ed economia dello sport, educazione civica.<\/span><\/p>\n<p><span style=\"font-size: 12pt; font-family: 'Open Sans'; font-weight: 400;\">Ogni Unit\u00e0 \u00e8 suddivisa in brevi capitoli su due pagine \u2013 teoria ed esercizi \u2013 per favorire sia uno studio pi\u00f9 parcellizzato, sia la scelta antologica da parte dell'insegnante.<\/span><\/p>\n<p><span style=\"font-size: 12pt; font-family: 'Open Sans'; font-weight: 400;\"><strong>Brevi link<\/strong> arricchiscono i brani per consentire una maggiore interattivit\u00e0. Si tratta di curiosit\u00e0, ampliamenti, rimandi, attivit\u00e0 o mini-approfondimenti che hanno l'intenzione di favorire una lettura pi\u00f9 interessante ed offrire spunti di riflessione o interazione. Un ricco apparato iconografico correda i brani di lettura, per ognuno dei quali \u00e8 previsto un esauriente <strong>glossario<\/strong>.<\/span><\/p>\n<p><span style=\"font-size: 12pt; font-family: 'Open Sans'; font-weight: 400;\">Al termine delle unit\u00e0 dei primi tre Moduli dedicati all'approfondimento di specifici sport, l'ultima pagina propone un <strong>articolo di giornale<\/strong> che commenta una performance in quel settore. L'obiettivo \u00e8 quello di avvicinare alla lingua utilizzata da esperti e giornalisti per fare cronaca sportiva.<\/span><\/p>\n<p><span style=\"font-size: 12pt; font-family: 'Open Sans'; font-weight: 400;\">Al termine di ognuno dei primi sette Moduli, ricorrono le seguenti rubriche:<\/span><\/p>\n<ul style=\"font-size: 12pt; font-family: 'Open Sans'; font-weight: 400;\">\n<li><strong>People<\/strong>: personaggi del passato e del presente che si sono distinti nelle discipline sportive o nell'ambito dell'argomento trattato;<\/li>\n<li><strong>Case study<\/strong>: presentazione di un argomento di attualit\u00e0 collegato ai contenuti introdotti, tratto da fonti autentiche e corredato da esercizi mirati anche all'approfondimento e alla discussione;<\/li>\n<li><strong>Clip<\/strong>: brevi filmati tratti da opere cinematografiche;<\/li>\n<\/ul>\n<p><span style=\"font-size: 12pt; font-family: 'Open Sans'; font-weight: 400;\">Infine, l'ottavo e ultimo Modulo, presenta le seguenti sezioni:<\/span><\/p>\n<ul style=\"font-size: 12pt; font-family: 'Open Sans'; font-weight: 400;\">\n<li><strong>Safety and First Aid<\/strong>: suggerimenti per allenarsi in sicurezza e tecniche di primo soccorso;<\/li>\n<\/ul>\n<p><span style=\"font-size: 12pt; font-family: 'Open Sans'; font-weight: 400;\"><strong>Glossary<\/strong>: un esauriente glossario che riprende i lemmi specifici e ne fornisce una traduzione o un'immagine rappresentativa.<\/span><\/p>\n<p><span style=\"font-family: 'Pridi'; font-size: 17pt; color: #31476c; font-weight: 200;\"><strong>Contenuti digitali integrativi<\/strong><\/span><\/p>\n<ul style=\"font-size: 12pt; font-family: 'Open Sans'; font-weight: 400;\">\n<li>Video per attivit\u00e0 di <em>listening<\/em> e <em>speaking<\/em><\/li>\n<li>Tracce audio in formato mp3<\/li>\n<li>Schemi e mappe interattive<\/li>\n<li>Testi per attivit\u00e0 di approfondimento e di esercitazione<\/li>\n<li>Schede di civilt\u00e0 comparata UK vs US<\/li>\n<\/ul>\n<p><span style=\"font-family: 'Pridi'; font-size: 17pt; color: #31476c; font-weight: 200;\"><strong>Teacher's Book<\/strong>.<\/span> <span style=\"font-size: 12pt; font-family: 'Open Sans'; font-weight: 400;\">Disponibile sia in formato cartaceo sia digitale.<\/span><\/p>\n<ul style=\"font-size: 12pt; font-family: 'Open Sans'; font-weight: 400;\">\n<li>Programmazione didattica \/ Piano di lavoro<\/li>\n<li>Didattica inclusiva e BES<\/li>\n<li>Agenda 2030<\/li>\n<li>Test di verifica di tutte le Unit\u00e0, in formato editabile<\/li>\n<li>Soluzioni degli esercizi e note didattiche<\/li>\n<li><em>Audioscript<\/em>&nbsp;delle attivit\u00e0 di ascolto e dei video<\/li>\n<\/ul>\n<div class=\"centra\">\n<p><span style=\"font-family: verdana, geneva, sans-serif; font-size: 12pt;\"><a href=\"https:\/\/www.edisco.it\/materiali\/proposte-adozione\/Ready-Set-Go_Relazione_adozione.pdf\" target=\"_blank\" rel=\"noopener noreferrer\"><img src=\"https:\/\/www.edisco.it\/a-caring-society\/wp-content\/uploads\/sites\/86\/2019\/09\/icona-PDF_60.png\" alt=\"\" align=\"absMiddle\"><\/a> <a href=\"https:\/\/www.edisco.it\/materiali\/proposte-adozione\/Ready-Set-Go_Relazione_adozione.pdf\" target=\"_blank\" rel=\"noopener noreferrer\"><br \/>\nREADY SET GO<br \/>\nRelazione per l'adozione.pdf<\/a><\/span><\/p>\n<p><span style=\"font-size: 12pt;\"><span style=\"font-family: verdana, geneva, sans-serif;\"><a href=\"https:\/\/www.edisco.it\/materiali\/proposte-adozione\/Ready-Set-Go_Relazione_adozione.rtf\"><img style=\"line-height: 23.1111px;\" src=\"https:\/\/www.edisco.it\/il-colore-delle-parole\/wp-content\/uploads\/sites\/66\/2015\/04\/icona-Word_60.png\" alt=\"\" align=\"absMiddle\"><\/a> <a href=\"https:\/\/www.edisco.it\/materiali\/proposte-adozione\/Ready-Set-Go_Relazione_adozione.rtf\"><br \/>\nREADY SET GO<br \/>\nRelazione per l'adozione.rtf<\/a><\/span><\/span><\/p>\n<\/div>\n","protected":false},"excerpt":{"rendered":"<p>Argomento e obiettivi del testo Ready, set, go! \u00e8 un corso di inglese specialistico per gli studenti dei corsi a indirizzo Sportivo e, pi\u00f9 in generale, per coloro che operano nel campo delle Scienze motorie e delle discipline sportive che hanno l&#8217;esigenza di utilizzare la lingua inglese come strumento di studio e\/o di lavoro in<\/p>\n","protected":false},"author":3,"featured_media":0,"parent":0,"menu_order":0,"comment_status":"closed","ping_status":"closed","template":"page-templates\/scheda_opera.php","meta":[],"acf":[],"_links":{"self":[{"href":"https:\/\/www.edisco.it\/ready-set-go\/wp-json\/wp\/v2\/pages\/10"}],"collection":[{"href":"https:\/\/www.edisco.it\/ready-set-go\/wp-json\/wp\/v2\/pages"}],"about":[{"href":"https:\/\/www.edisco.it\/ready-set-go\/wp-json\/wp\/v2\/types\/page"}],"author":[{"embeddable":true,"href":"https:\/\/www.edisco.it\/ready-set-go\/wp-json\/wp\/v2\/users\/3"}],"replies":[{"embeddable":true,"href":"https:\/\/www.edisco.it\/ready-set-go\/wp-json\/wp\/v2\/comments?post=10"}],"version-history":[{"count":5,"href":"https:\/\/www.edisco.it\/ready-set-go\/wp-json\/wp\/v2\/pages\/10\/revisions"}],"predecessor-version":[{"id":167,"href":"https:\/\/www.edisco.it\/ready-set-go\/wp-json\/wp\/v2\/pages\/10\/revisions\/167"}],"wp:attachment":[{"href":"https:\/\/www.edisco.it\/ready-set-go\/wp-json\/wp\/v2\/media?parent=10"}],"curies":[{"name":"wp","href":"https:\/\/api.w.org\/{rel}","templated":true}]}}