{"id":25,"date":"2015-05-12T10:12:20","date_gmt":"2015-05-12T08:12:20","guid":{"rendered":"https:\/\/www.edisco.it\/time-off\/?page_id=25"},"modified":"2025-06-09T14:17:44","modified_gmt":"2025-06-09T12:17:44","slug":"scheda-dellopera","status":"publish","type":"page","link":"https:\/\/www.edisco.it\/time-off\/","title":{"rendered":"Scheda dell&#8217;opera"},"content":{"rendered":"<div id=\"fondopagina\">\n<div>&nbsp;<\/div>\n<div><span style=\"font-size: 11pt; font-family: verdana, geneva, sans-serif;\">Obiettivo di <em><strong>TIME OFF<\/strong><\/em> \u00e8 la revisione di funzioni e strutture della lingua inglese del 1\u00b0 Biennio mediante attivit\u00e0 coinvolgenti che lo studente pu\u00f2 effettuare autonomamente. Il libro \u00e8 organizzato in modo chiaro, i contenuti sono articolati in modo semplice, coprono un\u2019ampia gamma di temi e le istruzioni per eseguire le attivit\u00e0 sono fornite in italiano. Il testo \u00e8 costituito da attivit\u00e0 orali e scritte, ma anche giochi e test, per non dimenticare l\u2019inglese imparato a scuola durante l\u2019anno e per rafforzare le competenze linguistiche acquisite. Pertanto, pu\u00f2 costituire sia l\u2019ideale libro per le <strong>vacanze estive<\/strong> che un utile <strong>testo di supporto<\/strong> durante l\u2019anno scolastico.<\/span><\/div>\n<p><span style=\"font-size: 11pt; font-family: verdana, geneva, sans-serif;\">Suddiviso in <strong>otto settimane<\/strong>, il testo presenta in ognuna argomenti attuali e protagonisti con gusti ed interessi vicini a quelli dei \u201cteenagers\u201d. Da qui lo spunto per una serie di accattivanti attivit\u00e0 di lettura, ascolto, espressione orale e scritta in cui l\u2019inglese \u00e8 utilizzato in situazioni concrete ed autentiche.<\/span><\/p>\n<p><span style=\"font-size: 11pt; font-family: verdana, geneva, sans-serif;\">Ogni settimana prende avvio da una lettura, un ascolto o un gioco che introducono il <strong>tema centrale <\/strong>delle attivit\u00e0 presentato su due pagine.<br \/>\nVengono poi sviluppate le <strong>abilit\u00e0 linguistiche<\/strong> \u2013 nell\u2019ordine: <em>Reading<\/em>, <em>Listening<\/em>, <em>Speaking <\/em>e <em>Writing <\/em>\u2013 ad ognuna delle quali viene dedicata una pagina.<br \/>\nLa pagina di <em>Communication<\/em>, prevede <strong>attivit\u00e0 comunicative<\/strong> quali, per esempio, completamento o riordino di dialoghi.<br \/>\nLa pagina denominata <em>Vocabulary<\/em>, \u00e8 dedicata all\u2019acquisizione del <strong>lessico <\/strong>tramite giochi enigmistici, test ed esercizi di abbinamento.<\/span><\/p>\n<p><span style=\"font-size: 11pt; font-family: verdana, geneva, sans-serif;\">Infine, la settimana si chiude con due pagine dedicate al ripasso delle <strong>strutture grammaticali<\/strong> e all\u2019utilizzo delle stesse (<em>Grammar<\/em>), con esercizi di completamento, trasformazione, costruzioni di frasi, individuazioni di errori, ecc.<br \/>\nPer una revisione pi\u00f9 completa, alla pagina grammaticale di ciascuna settimana \u2013 dove le strutture sono presentate tramite schemi e spiegazioni dettagliate in lingua italiana e con esempi \u2013 viene affiancata a fondo libro una pagina con quadri riassuntivi, approfondimenti ed integrazioni.<\/span><\/p>\n<p><span style=\"font-size: 11pt; font-family: verdana, geneva, sans-serif;\">In ogni settimana viene proposta almeno un\u2019attivit\u00e0 della tipologia degli esami di certificazione linguistica <strong>KET <\/strong>e <strong>PET<\/strong>.<\/span><\/p>\n<p><span style=\"font-size: 11pt; font-family: verdana, geneva, sans-serif;\">Un <strong>glossario <\/strong>\u2013 denominato <em>Useful Words<\/em> \u2013 al fondo di ogni attivit\u00e0 facilita la comprensione.<\/span><\/p>\n<p><span style=\"font-size: 11pt; font-family: verdana, geneva, sans-serif;\">\u00c8 inoltre a disposizione degli insegnanti un <strong>fascicolo <\/strong>con le soluzioni degli esercizi e un <strong>test finale<\/strong> per ciascuno dei due volumi. I docenti potranno cos\u00ec verificare l\u2019avvenuto ripasso o effettuare attivit\u00e0 di revisione all\u2019inizio o durante l\u2019anno.<\/span><\/p>\n<\/div>\n<div>&nbsp;<\/div>\n<div id=\"fondinogiallo\"><span style=\"font-size: 11pt; font-family: verdana, geneva, sans-serif;\">Nelle <a href=\"https:\/\/www.edisco.it\/time-off\/risorse-digitali-online\/\" target=\"_blank\" rel=\"noopener noreferrer\"><span style=\"color: #000080;\"><strong>Risorse digitali online<\/strong><\/span><\/a> si trovano, liberamente accessibili, le LISTENING ACTIVITIES dei due volumi.<\/span><\/p>\n<p><span style=\"font-size: 11pt; font-family: verdana, geneva, sans-serif;\"> Nei <a href=\"https:\/\/www.edisco.it\/time-off\/materiali-per-il-docente\/\" target=\"_blank\" rel=\"noopener noreferrer\"><span style=\"color: #000080;\"><strong>Materiali per il docente<\/strong><\/span><\/a> si trovano, accessibili ai docenti dopo aver effettuato il LOGIN:<\/span><\/p>\n<ul>\n<li><span style=\"font-family: verdana, geneva, sans-serif; font-size: 11pt;\">Key to activities<\/span><\/li>\n<li><span style=\"font-family: verdana, geneva, sans-serif; font-size: 11pt;\">Final test book 1&amp;2<\/span><\/li>\n<li><span style=\"font-family: verdana, geneva, sans-serif; font-size: 11pt;\">Key to final test book 1&amp;2<\/span><\/li>\n<\/ul>\n<\/div>\n<p>&nbsp;<\/p>\n<p>&nbsp;<\/p>\n","protected":false},"excerpt":{"rendered":"<p>&nbsp; Obiettivo di TIME OFF \u00e8 la revisione di funzioni e strutture della lingua inglese del 1\u00b0 Biennio mediante attivit\u00e0 coinvolgenti che lo studente pu\u00f2 effettuare autonomamente. Il libro \u00e8 organizzato in modo chiaro, i contenuti sono articolati in modo semplice, coprono un\u2019ampia gamma di temi e le istruzioni per eseguire le attivit\u00e0 sono fornite<\/p>\n","protected":false},"author":3,"featured_media":0,"parent":0,"menu_order":1,"comment_status":"closed","ping_status":"closed","template":"page-templates\/scheda_opera.php","meta":[],"acf":[],"_links":{"self":[{"href":"https:\/\/www.edisco.it\/time-off\/wp-json\/wp\/v2\/pages\/25"}],"collection":[{"href":"https:\/\/www.edisco.it\/time-off\/wp-json\/wp\/v2\/pages"}],"about":[{"href":"https:\/\/www.edisco.it\/time-off\/wp-json\/wp\/v2\/types\/page"}],"author":[{"embeddable":true,"href":"https:\/\/www.edisco.it\/time-off\/wp-json\/wp\/v2\/users\/3"}],"replies":[{"embeddable":true,"href":"https:\/\/www.edisco.it\/time-off\/wp-json\/wp\/v2\/comments?post=25"}],"version-history":[{"count":15,"href":"https:\/\/www.edisco.it\/time-off\/wp-json\/wp\/v2\/pages\/25\/revisions"}],"predecessor-version":[{"id":198,"href":"https:\/\/www.edisco.it\/time-off\/wp-json\/wp\/v2\/pages\/25\/revisions\/198"}],"wp:attachment":[{"href":"https:\/\/www.edisco.it\/time-off\/wp-json\/wp\/v2\/media?parent=25"}],"curies":[{"name":"wp","href":"https:\/\/api.w.org\/{rel}","templated":true}]}}